{"id":4707,"date":"2023-03-16T09:07:10","date_gmt":"2023-03-16T07:07:10","guid":{"rendered":"https:\/\/bkf.gdu.edu.az\/?page_id=4707"},"modified":"2023-03-16T09:07:10","modified_gmt":"2023-03-16T07:07:10","slug":"ixtisaslar","status":"publish","type":"page","link":"https:\/\/bkf.gdu.edu.az\/?page_id=4707","title":{"rendered":"\u0130xtisaslar"},"content":{"rendered":"\n<p>Kimya-Biologiya fak\u00fclt\u0259sind\u0259 olan ixtisaslar\u0131n siyah\u0131s\u0131 a\u015fa\u011f\u0131dak\u0131 kimidir:<\/p>\n\n\n\n<ul>\n<li>Biologiya &#8211; 050501<\/li>\n\n\n\n<li>9 Eyl\u00fcl Universiteti il\u0259 birg\u0259 \u0130kili Diplom Proqram &#8211; Biologiya ixtisas\u0131<\/li>\n\n\n\n<li>Biologiya m\u00fc\u0259llimliyi &#8211; 050102<\/li>\n\n\n\n<li>Kimya &#8211; 050508<\/li>\n\n\n\n<li>Kimya m\u00fc\u0259llimliyi &#8211; 050109<\/li>\n\n\n\n<li>Kimya m\u00fch\u0259ndisliyi &#8211; 0506018<\/li>\n\n\n\n<li>Kimya v\u0259 biologiya m\u00fc\u0259llimliyi &#8211; (T\u0259dris ingilis dilind\u0259) &#8211; 050110<\/li>\n\n\n\n<li>Kimya v\u0259 biologiya m\u00fc\u0259llimliyi &#8211; 050110<\/li>\n\n\n\n<li>Ekologiya &#8211; 050510<\/li>\n\n\n\n<li>Ekologiya m\u00fch\u0259ndisliyi &#8211; 050606<\/li>\n<\/ul>\n","protected":false},"excerpt":{"rendered":"<p>Kimya-Biologiya fak\u00fclt\u0259sind\u0259 olan ixtisaslar\u0131n siyah\u0131s\u0131 a\u015fa\u011f\u0131dak\u0131 kimidir:<\/p>\n","protected":false},"author":1,"featured_media":0,"parent":0,"menu_order":0,"comment_status":"closed","ping_status":"closed","template":"","meta":{"footnotes":""},"categories":[],"tags":[],"_links":{"self":[{"href":"https:\/\/bkf.gdu.edu.az\/index.php?rest_route=\/wp\/v2\/pages\/4707"}],"collection":[{"href":"https:\/\/bkf.gdu.edu.az\/index.php?rest_route=\/wp\/v2\/pages"}],"about":[{"href":"https:\/\/bkf.gdu.edu.az\/index.php?rest_route=\/wp\/v2\/types\/page"}],"author":[{"embeddable":true,"href":"https:\/\/bkf.gdu.edu.az\/index.php?rest_route=\/wp\/v2\/users\/1"}],"replies":[{"embeddable":true,"href":"https:\/\/bkf.gdu.edu.az\/index.php?rest_route=%2Fwp%2Fv2%2Fcomments&post=4707"}],"version-history":[{"count":1,"href":"https:\/\/bkf.gdu.edu.az\/index.php?rest_route=\/wp\/v2\/pages\/4707\/revisions"}],"predecessor-version":[{"id":4708,"href":"https:\/\/bkf.gdu.edu.az\/index.php?rest_route=\/wp\/v2\/pages\/4707\/revisions\/4708"}],"wp:attachment":[{"href":"https:\/\/bkf.gdu.edu.az\/index.php?rest_route=%2Fwp%2Fv2%2Fmedia&parent=4707"}],"wp:term":[{"taxonomy":"category","embeddable":true,"href":"https:\/\/bkf.gdu.edu.az\/index.php?rest_route=%2Fwp%2Fv2%2Fcategories&post=4707"},{"taxonomy":"post_tag","embeddable":true,"href":"https:\/\/bkf.gdu.edu.az\/index.php?rest_route=%2Fwp%2Fv2%2Ftags&post=4707"}],"curies":[{"name":"wp","href":"https:\/\/api.w.org\/{rel}","templated":true}]}}