{"id":5281,"date":"2024-01-29T14:49:58","date_gmt":"2024-01-29T12:49:58","guid":{"rendered":"https:\/\/bkf.gdu.edu.az\/?page_id=5281"},"modified":"2024-01-30T10:54:25","modified_gmt":"2024-01-30T08:54:25","slug":"dosent-ismayilova-zilxumar-m%c9%99mm%c9%99d-qizi-2","status":"publish","type":"page","link":"https:\/\/bkf.gdu.edu.az\/?page_id=5281","title":{"rendered":"Dosent \u0130smay\u0131lova Zilxumar M\u0259mm\u0259d q\u0131z\u0131"},"content":{"rendered":"\n<figure class=\"wp-block-image size-full\"><img loading=\"lazy\" decoding=\"async\" width=\"224\" height=\"286\" src=\"https:\/\/bkf.gdu.edu.az\/wp-content\/uploads\/2024\/01\/zilxumar-m.jpg\" alt=\"\" class=\"wp-image-5282\"\/><\/figure>\n\n\n\n<p>Q\u0131sa bioqrafik m\u0259lumat:<br>1943-c\u00fc ild\u0259 G\u0259nc\u0259 \u015f\u0259h\u0259rind\u0259 anadan olmu\u015fdur. 1960-c\u0131 ild\u0259 G\u0259nc\u0259 \u015f\u0259h\u0259ri 16 sayl\u0131 orta m\u0259kt\u0259bi bitirib. 1960-c\u0131 ild\u0259 H.Z\u0259rdabi ad\u0131na Kirovabad D\u00f6vl\u0259t Pedaqoji \u0130nstitunun (indiki GDU) biologiya v\u0259 k\u0259nd t\u0259s\u0259rr\u00fcfat\u0131 istehsal\u0131n\u0131n \u0259saslar\u0131 fak\u00fclt\u0259sin\u0259 daxil olub, 1967-ci ild\u0259 h\u0259min \u0130nstitutu bitirib, t\u0259yinatla g\u0259nc m\u00fct\u0259x\u0259ssis kimi Yevlax rayonunun Salahl\u0131 k\u0259nd orta m\u0259kt\u0259bind\u0259 m\u00fc\u0259llimlik f\u0259aliyy\u0259tin\u0259 ba\u015flam\u0131\u015fd\u0131r. Fak\u00fclt\u0259 elmi \u015furas\u0131n\u0131n \u00fczv\u00fcd\u00fcr.<\/p>\n\n\n\n<p>\u201cB\u00f6y\u00fck Qafqaz\u0131n y\u00fcks\u0259k da\u011flar\u0131nda topal\u0131n (Festuca ovina,F.supina) senopopulyasiyas\u0131\u201d m\u00f6vzusunda namiz\u0259dlik dissertasiyas\u0131 m\u00fcdafi\u0259 edib, biologiya elml\u0259ri namiz\u0259di alimlik d\u0259r\u0259c\u0259si alm\u0131\u015fd\u0131r.1999-cu ild\u0259 dosent elmi ad\u0131 alm\u0131\u015fd\u0131r. 2000-2005-ci ill\u0259rd\u0259 Botanika kafedras\u0131n\u0131n m\u00fcdiri v\u0259zif\u0259sind\u0259 i\u015fl\u0259yib. Hal-haz\u0131rda botanika kafedras\u0131n\u0131n dosenti.<br>\u0417.\u041c.\u0418\u0441\u043c\u0430\u0438\u043b\u043e\u0432\u0430, \u0420. \u0417. \u0413\u0443\u043b\u0438\u0435\u0432\u0430 (2013):\u0427\u0438\u0441\u043b\u0435\u043d\u043d\u043e\u0441\u0442\u044c \u0438 \u0432\u043e\u0437\u0440\u0430\u0441\u0442\u043d\u044b\u0435 \u0441\u043f\u0435\u043a\u0442\u0440\u044b \u0446\u0435\u043d\u043e\u043f\u043e\u043f\u0443\u043b\u044f\u0446\u0438\u0439 Agrostis planifolia C.Koch \u0438 Agrostis lazica Balansa\u0432 \u0440\u0430\u0437\u043b\u0438\u0447\u043d\u044b\u0445 \u0440\u0430\u0441\u0442\u0438\u0442\u0435\u043b\u044c\u043d\u044b\u0445 \u0430\u0441\u0441\u043e\u0446\u0438\u0430\u0446\u0438\u044f\u0445. \u0410\u0433\u0440\u0430\u0440\u043d\u0430\u044f \u041d\u0430\u0443\u043a\u0430 \u0416\u0443\u0440\u043d\u0430\u043b, \u041c\u043e\u0441\u043a\u0432\u0430. \u0441. 23-28., Z.M.\u0130smay\u0131lova, R.Z. Quliyeva (2014): Evaluation of populations of Agrostis planifolia C. Koch type on the high mountains of the Lesser Caucasus. EUROPEN ACADEM\u0130C RESEARCH, March. p. 5476-5483., \u0417.\u041c.\u0418\u0441\u043c\u0430\u0438\u043b\u043e\u0432\u0430 (1974): \u0418\u0437\u0443\u0447\u0435\u043d\u0438\u0435 \u043f\u043e\u043f\u0443\u043b\u044f\u0446\u0438\u0438 \u043e\u0432\u0441\u044f\u043d\u0438\u0446\u044b \u043e\u0432\u0435\u0447\u044c\u0435\u0439 \u043d\u0430 \u0432\u044b\u0441\u043e\u043a\u043e\u0433\u043e\u0440\u043d\u044b\u0445 \u043f\u0430\u0441\u0442\u0431\u0438\u0449\u0430\u0445 \u0410\u0437\u0435\u0440\u0431\u0430\u0439\u0434\u0436\u0430\u043d\u0430., \u0422\u0435\u0437\u0438\u0441\u044b \u0434\u043e\u043a\u043b. VI \u0412\u0441\u0435\u0441\u043e\u044e\u0437\u043d\u043e\u0433\u043e \u0441\u043e\u0432\u0448. \u043f\u043e \u0432\u043e\u043f\u0440\u043e\u0441\u0430\u043c \u0438\u0437\u0443\u0447\u0435\u043d. \u0438 \u043e\u0441\u00ac\u0432\u043e\u0435\u043d\u0438\u044f \u0444\u043b\u043e\u0440\u044b \u0438 \u0440\u0430\u0441\u0442\u0438\u0442\u0435\u043b\u044c\u00ac\u043d\u043e\u0441\u0442\u0438 \u0432\u044b\u0441\u043e\u043a\u043e\u0433\u043e\u0440\u0438\u0439. \u0421\u0442\u0430\u0432\u0440\u043e\u043f\u043e\u043b\u044c.<\/p>\n\n\n\n<p>\u0417.\u041c.\u0418\u0441\u043c\u0430\u0438\u043b\u043e\u0432\u0430 (1982): \u0412\u043e\u0437\u0440\u0430\u0441\u0442\u043d\u044b\u0435 \u0441\u043f\u0435\u043a\u0442\u0440\u044b \u0446\u0435\u043d\u043e\u043f\u043e\u043f\u0443\u043b\u044f\u0446\u0438\u0438 \u0440\u0430\u0441\u0442\u0435\u043d\u0438\u0439 \u0432 \u0432\u044b\u0441\u043e\u043a\u043e\u0433\u043e\u0440\u044c\u044f\u0445 \u0411\u043e\u043b\u044c\u0448\u043e\u0433\u043e \u041a\u0430\u0432\u043a\u0430\u0437\u0430. \u0422\u0435\u0437\u0438\u0441\u044b \u0434\u043e\u043a\u043b. VIII \u0412\u0441\u0435\u0441\u043e\u044e\u0437\u043d. \u0441\u043e\u0432\u0448. \u043f\u043e \u0432\u043e\u043f\u0440. \u0438\u0437\u0443\u0447. \u0438 \u043e\u0441\u00ac\u0432. \u0444\u043b\u043e\u0440\u044b \u0438 \u0440\u0430\u0441\u0442. \u0432\u044b\u0441\u043e\u043a\u043e\u0433\u043e\u0440\u0438\u0439. \u0421\u0432\u0435\u0440\u0434\u043b\u043e\u0432\u0441\u043a., \u0417.\u041c.\u0418\u0441\u043c\u0430\u0438\u043b\u043e\u0432\u0430 (2002): \u0411\u0438\u043e\u043b\u043e\u0433\u0438\u0447\u0435\u0441\u043a\u0438\u0435 \u0440\u0430\u0437\u043d\u043e\u043e\u0431\u0440\u0430\u0437\u0438\u0435 \u043b\u0435\u043a\u0430\u0440\u0441\u0442\u0432\u0435\u043d\u043d\u043e\u0439 \u0444\u043b\u043e\u0440\u044b \u0437\u0430\u043f\u0430\u0434\u043d\u044b\u0445 \u0440\u0435\u0433\u0438\u043e\u043d\u043e\u0432 \u0410\u0437\u0435\u0440\u0431\u0430\u0439\u0434\u0436\u0430\u043d\u0430 \u0438 \u0432\u043e\u043f\u0440\u043e\u0441\u044b \u0438\u0445 \u043e\u0445\u0440\u0430\u043d\u044b. \u041c\u0430\u0442\u0435\u0440\u0438\u0430\u043b\u044b IV \u041c\u0435\u0436\u0434\u0443\u043d\u0430\u0440\u043e\u0434\u043d\u043e\u0439 \u043a\u043e\u043d\u0444. \u00ab\u0411\u0438\u043e\u043b\u043e\u0433\u0438\u0447\u0435\u0441\u043a\u0438\u0435 \u0440\u0430\u0437\u043d\u043e\u043e\u0431\u00ac\u0440\u0430\u00ac\u0437\u0438\u0435 \u041a\u0430\u0432\u043a\u0430\u0437\u0430\u00bb \u041c\u0430\u0445\u0430\u0447\u043a\u0430\u043b\u0430.<br>\u0417.\u041c.\u0418\u0441\u043c\u0430\u0438\u043b\u043e\u0432\u0430, \u0420. \u0417. \u0413\u0443\u043b\u0438\u0435\u0432\u0430 (2017): \u0427\u0438\u0441\u043b\u0435\u043d\u043d\u043e\u0441\u0442\u044c \u0438 \u0432\u043e\u0437\u0440\u0430\u0441\u0442\u043d\u044b\u0435 \u0441\u043f\u0435\u043a\u0442\u0440\u044b \u0446\u0435\u043d\u043e\u043f\u043e\u043f\u0443\u043b\u044f\u0446\u0438\u0439 Alopecurus Vaginatus (willd) Laguroides ball \u0432 \u0440\u0430\u0437\u043b\u0438\u0447\u043d\u044b\u0445 \u0440\u0430\u0441\u0442\u0438\u0442\u0435\u043b\u044c\u043d\u044b\u0445 \u0430\u0441\u0441\u043e\u0446\u0438\u0430\u0446\u0438\u044f\u0445. \u00ab\u0411\u0438\u043e\u043b\u043e\u0433\u0438\u0447\u0435\u0441\u043a\u043e\u0435 \u0440\u0430\u0437\u043d\u043e\u043e\u0431\u0440\u0430\u0437\u0438\u0435 \u041a\u0430\u0432\u043a\u0430\u0437\u0430 \u0438 \u042e\u0433\u043e \u0420\u043e\u0441\u0441\u0438\u0438\u00bb\u041c\u0430\u0445\u0430\u0447\u043a\u0430\u043b\u0430. \u0441.207-209, 2.<br>2019-cu ild\u0259 \u201cBitkil\u0259rin senopopulyasiyas\u0131\u201d adl\u0131 d\u0259rsliyi Bak\u0131 E\u0131m n\u0259\u015friyyat\u0131nda \u00e7ap olunub.<\/p>\n\n\n\n<p>Elmi d\u0259r\u0259c\u0259si v\u0259 adlar\u0131: Biologiya \u00fczr\u0259 f\u0259ls\u0259f\u0259 doktoru, dossent<\/p>\n\n\n\n<p>\u018fm\u0259k f\u0259aliyy\u0259ti:56 il<\/p>\n\n\n\n<p>T\u0259ltifl\u0259ri: ART\u0259hsil Nazirliyinin \u201cQabaqc\u0131l t\u0259hsil i\u015f\u00e7isi\u201d<\/p>\n\n\n\n<p>T\u0259dqiqat sah\u0259si:Biologiya<\/p>\n\n\n\n<p>Elmi \u0259s\u0259rl\u0259ri: 60<\/p>\n\n\n\n<p>Beyn\u0259lxalq v\u0259 respublika simpozium v\u0259 konfranslarda i\u015ftirak\u0131: 15<\/p>\n\n\n\n<p>Dil bilgisi: RUS., Az\u0259rb<\/p>\n\n\n\n<p>Partiyal\u0131\u011f\u0131: YAP-1997<\/p>\n","protected":false},"excerpt":{"rendered":"<p>Q\u0131sa bioqrafik m\u0259lumat:1943-c\u00fc ild\u0259 G\u0259nc\u0259 \u015f\u0259h\u0259rind\u0259 anadan olmu\u015fdur. 1960-c\u0131 ild\u0259 G\u0259nc\u0259 \u015f\u0259h\u0259ri 16 sayl\u0131 orta m\u0259kt\u0259bi bitirib. 1960-c\u0131 ild\u0259 H.Z\u0259rdabi ad\u0131na Kirovabad D\u00f6vl\u0259t Pedaqoji \u0130nstitunun (indiki GDU) biologiya v\u0259 k\u0259nd t\u0259s\u0259rr\u00fcfat\u0131 istehsal\u0131n\u0131n \u0259saslar\u0131 fak\u00fclt\u0259sin\u0259 daxil olub, 1967-ci ild\u0259 h\u0259min \u0130nstitutu bitirib, t\u0259yinatla g\u0259nc m\u00fct\u0259x\u0259ssis kimi Yevlax rayonunun Salahl\u0131 k\u0259nd orta m\u0259kt\u0259bind\u0259 m\u00fc\u0259llimlik f\u0259aliyy\u0259tin\u0259 ba\u015flam\u0131\u015fd\u0131r. Fak\u00fclt\u0259 [&hellip;]<\/p>\n","protected":false},"author":3,"featured_media":5282,"parent":0,"menu_order":0,"comment_status":"closed","ping_status":"closed","template":"","meta":{"footnotes":""},"categories":[23],"tags":[],"_links":{"self":[{"href":"https:\/\/bkf.gdu.edu.az\/index.php?rest_route=\/wp\/v2\/pages\/5281"}],"collection":[{"href":"https:\/\/bkf.gdu.edu.az\/index.php?rest_route=\/wp\/v2\/pages"}],"about":[{"href":"https:\/\/bkf.gdu.edu.az\/index.php?rest_route=\/wp\/v2\/types\/page"}],"author":[{"embeddable":true,"href":"https:\/\/bkf.gdu.edu.az\/index.php?rest_route=\/wp\/v2\/users\/3"}],"replies":[{"embeddable":true,"href":"https:\/\/bkf.gdu.edu.az\/index.php?rest_route=%2Fwp%2Fv2%2Fcomments&post=5281"}],"version-history":[{"count":2,"href":"https:\/\/bkf.gdu.edu.az\/index.php?rest_route=\/wp\/v2\/pages\/5281\/revisions"}],"predecessor-version":[{"id":5287,"href":"https:\/\/bkf.gdu.edu.az\/index.php?rest_route=\/wp\/v2\/pages\/5281\/revisions\/5287"}],"wp:featuredmedia":[{"embeddable":true,"href":"https:\/\/bkf.gdu.edu.az\/index.php?rest_route=\/wp\/v2\/media\/5282"}],"wp:attachment":[{"href":"https:\/\/bkf.gdu.edu.az\/index.php?rest_route=%2Fwp%2Fv2%2Fmedia&parent=5281"}],"wp:term":[{"taxonomy":"category","embeddable":true,"href":"https:\/\/bkf.gdu.edu.az\/index.php?rest_route=%2Fwp%2Fv2%2Fcategories&post=5281"},{"taxonomy":"post_tag","embeddable":true,"href":"https:\/\/bkf.gdu.edu.az\/index.php?rest_route=%2Fwp%2Fv2%2Ftags&post=5281"}],"curies":[{"name":"wp","href":"https:\/\/api.w.org\/{rel}","templated":true}]}}

Dosent İsmayılova Zilxumar Məmməd qızı

<figure class="wp-block-image size-full"><img loading="lazy" decoding="async" width="224" height="286" src="https://bkf.gdu.edu.az/wp-content/uploads/2024/01/zilxumar-m.jpg" alt="" class="wp-image-5282"/></figure>



<p>Qısa bioqrafik məlumat:<br>1943-cü ildə Gəncə şəhərində anadan olmuşdur. 1960-cı ildə Gəncə şəhəri 16 saylı orta məktəbi bitirib. 1960-cı ildə H.Zərdabi adına Kirovabad Dövlət Pedaqoji İnstitunun (indiki GDU) biologiya və kənd təsərrüfatı istehsalının əsasları fakültəsinə daxil olub, 1967-ci ildə həmin İnstitutu bitirib, təyinatla gənc mütəxəssis kimi Yevlax rayonunun Salahlı kənd orta məktəbində müəllimlik fəaliyyətinə başlamışdır. Fakültə elmi şurasının üzvüdür.</p>



<p>“Böyük Qafqazın yüksək dağlarında topalın (Festuca ovina,F.supina) senopopulyasiyası” mövzusunda namizədlik dissertasiyası müdafiə edib, biologiya elmləri namizədi alimlik dərəcəsi almışdır.1999-cu ildə dosent elmi adı almışdır. 2000-2005-ci illərdə Botanika kafedrasının müdiri vəzifəsində işləyib. Hal-hazırda botanika kafedrasının dosenti.<br>З.М.Исмаилова, Р. З. Гулиева (2013):Численность и возрастные спектры ценопопуляций Agrostis planifolia C.Koch и Agrostis lazica Balansaв различных растительных ассоциациях. Аграрная Наука Журнал, Москва. с. 23-28., Z.M.İsmayılova, R.Z. Quliyeva (2014): Evaluation of populations of Agrostis planifolia C. Koch type on the high mountains of the Lesser Caucasus. EUROPEN ACADEMİC RESEARCH, March. p. 5476-5483., З.М.Исмаилова (1974): Изучение популяции овсяницы овечьей на высокогорных пастбищах Азербайджана., Тезисы докл. VI Всесоюзного совш. по вопросам изучен. и ос¬воения флоры и раститель¬ности высокогорий. Ставрополь.</p>



<p>З.М.Исмаилова (1982): Возрастные спектры ценопопуляции растений в высокогорьях Большого Кавказа. Тезисы докл. VIII Всесоюзн. совш. по вопр. изуч. и ос¬в. флоры и раст. высокогорий. Свердловск., З.М.Исмаилова (2002): Биологические разнообразие лекарственной флоры западных регионов Азербайджана и вопросы их охраны. Материалы IV Международной конф. «Биологические разнооб¬ра¬зие Кавказа» Махачкала.<br>З.М.Исмаилова, Р. З. Гулиева (2017): Численность и возрастные спектры ценопопуляций Alopecurus Vaginatus (willd) Laguroides ball в различных растительных ассоциациях. «Биологическое разнообразие Кавказа и Юго России»Махачкала. с.207-209, 2.<br>2019-cu ildə “Bitkilərin senopopulyasiyası” adlı dərsliyi Bakı Eım nəşriyyatında çap olunub.</p>



<p>Elmi dərəcəsi və adları: Biologiya üzrə fəlsəfə doktoru, dossent</p>



<p>Əmək fəaliyyəti:56 il</p>



<p>Təltifləri: ARTəhsil Nazirliyinin “Qabaqcıl təhsil işçisi”</p>



<p>Tədqiqat sahəsi:Biologiya</p>



<p>Elmi əsərləri: 60</p>



<p>Beynəlxalq və respublika simpozium və konfranslarda iştirakı: 15</p>



<p>Dil bilgisi: RUS., Azərb</p>



<p>Partiyalığı: YAP-1997</p>

<p>Qısa bioqrafik məlumat:1943-cü ildə Gəncə şəhərində anadan olmuşdur. 1960-cı ildə Gəncə şəhəri 16 saylı orta məktəbi bitirib. 1960-cı ildə H.Zərdabi adına Kirovabad Dövlət Pedaqoji İnstitunun (indiki GDU) biologiya və kənd təsərrüfatı istehsalının əsasları fakültəsinə daxil olub, 1967-ci ildə həmin İnstitutu bitirib, təyinatla gənc mütəxəssis kimi Yevlax rayonunun Salahlı kənd orta məktəbində müəllimlik fəaliyyətinə başlamışdır. Fakültə [&hellip;]</p>
