{"id":567,"date":"2016-04-12T18:31:44","date_gmt":"2016-04-12T16:31:44","guid":{"rendered":"http:\/\/bkf.gdu.edu.az\/?page_id=567"},"modified":"2024-01-30T12:55:36","modified_gmt":"2024-01-30T10:55:36","slug":"bas-mu%c9%99llim-n%c9%99sirova-n%c9%99sib%c9%99-volodiya-qizi","status":"publish","type":"page","link":"https:\/\/bkf.gdu.edu.az\/?page_id=567","title":{"rendered":"DOSENT N\u018fS\u0130ROVA N\u018fS\u0130B\u018f VOLOD\u0130YA QIZI"},"content":{"rendered":"<p><a href=\"http:\/\/bkf.gdu.edu.az\/wp-content\/uploads\/2016\/04\/b.\u00fc.f.d.-ba\u015f-m\u00fc\u0259llim-N\u0259sib\u0259-Volodiya-q\u0131z\u0131-N\u0259sirova.jpg\"><img loading=\"lazy\" decoding=\"async\" class=\"size-full wp-image-5309 alignleft\" src=\"http:\/\/bkf.gdu.edu.az\/wp-content\/uploads\/2024\/01\/nesibe.jpg\" alt=\"\" width=\"287\" height=\"402\" \/><\/a><\/p>\n<p>Q\u0131sa bioqrafik m\u0259lumat:<br \/>\nN\u0259sirova N\u0259sib\u0259 Volodiya q\u0131z\u0131 1977-ci il aprel ay\u0131n\u0131n 18-d\u0259 T\u0259rt\u0259r rayonu, Qarada\u011fl\u0131 k\u0259ndind\u0259 anadan olub.<br \/>\nT\u0259hsili: 1994-c\u00fc ild\u0259 T\u0259rt\u0259r rayonu Qarada\u011fl\u0131 k\u0259ndind\u0259 orta m\u0259kt\u0259bi bitirib.<br \/>\n1998-ci ild\u0259 Az\u0259rbaycan D\u00f6vl\u0259t K\u0259nd T\u0259s\u0259rr\u00fcfat Akademiyas\u0131 Aqronomluq fak\u00fclt\u0259sinin Aqronomluq ixtisas\u0131n\u0131n bakalav\u0131r pill\u0259sini,<br \/>\n2000-ci ild\u0259 Az\u0259rbaycan D\u00f6vl\u0259t K\u0259nd T\u0259s\u0259rr\u00fcfat Akademiyas\u0131n\u0131n \u201cBotanika\u201d kafedras\u0131nda \u201cBitki anatomiyas\u0131 v\u0259 morfologiyas\u0131\u201d ixtisas\u0131 \u00fczr\u0259 magistr pill\u0259sini bitirib.<br \/>\nElmi d\u0259r\u0259c\u0259si v\u0259 adlar\u0131: Az\u0259rbaycan D\u00f6vl\u0259t K\u0259nd T\u0259s\u0259rr\u00fcfat\u0131 Akademiyas\u0131n\u0131n Aqronomluq ixtisas\u0131nda namiz\u0259dlik dissertasiyas\u0131n\u0131 m\u00fcdafi\u0259 edib.<br \/>\nBiologiya \u00fczr\u0259 f\u0259ls\u0259f\u0259 doktoru elmi d\u0259r\u0259c\u0259si al\u0131b.<br \/>\n2018-ci il tarixd\u0259 dosent elmi ad\u0131 alm\u0131\u015fd\u0131r.<\/p>\n<p>\u018fm\u0259k f\u0259aliyy\u0259ti: 2002-2003 c\u00fc ild\u0259 ADAU-nun Botanika kafedras\u0131nda staj\u00e7\u0131 m\u00fc\u0259llim,<br \/>\n2004-2008-ci ill\u0259rd\u0259 G\u0259nc\u0259 D\u00f6vl\u0259t Universitetinin Ekologiya v\u0259 t\u0259bi\u0259ti m\u00fchafiz\u0259 kafedras\u0131nda m\u00fc\u0259llim,<br \/>\n2008-2018-ci ill\u0259rd\u0259 ba\u015f m\u00fc\u0259llim,<br \/>\n2018-ci ild\u0259 h\u0259min kafedrada dosent v\u0259zif\u0259sind\u0259 \u00e7al\u0131\u015f\u0131r.<\/p>\n<p>T\u0259ltifl\u0259ri: \u00fc\u00e7 t\u0259\u015f\u0259kk\u00fcr<br \/>\nT\u0259dqiqat sah\u0259si: Az\u0259rbaycan\u0131n bu\u011fday\u0131ot (Aegilops L.) n\u00f6vl\u0259rinin bioekoloji x\u00fcsusiyy\u0259tl\u0259ri v\u0259 istifad\u0259 perspektivl\u0259ri.<br \/>\nElmi \u0259s\u0259rl\u0259ri: H\u00fcmb\u0259tov Z.\u0130, N\u0259sirova N.V.,T\u0259bii s\u0259rv\u0259tl\u0259rd\u0259n isti\u00acfa\u00acd\u0259nin ekoloji prob\u00aclem\u00acl\u0259ri (magistratura s\u0259viyy\u0259si \u00fc\u00e7\u00fcn) d\u0259rs v\u0259saiti 2016 ci il, 1 metodik v\u0259sait,<\/p>\n<p>Beyn\u0259lxalq v\u0259 respublika simpozium v\u0259 konfranslarda i\u015ftirak\u0131:<br \/>\n1.Az\u0259rbaycan\u0131n bu\u011fday\u0131-otlar\u0131n\u0131n (Aegilops L) yarpa\u011f\u0131n\u0131n anatomik qurulu\u015fu, \u00dcmummilli Lider Heyd\u0259r \u018fliyevin anadan olmas\u0131n\u0131n 88-ci ild\u00f6n\u00fcm\u00fcn\u0259 h\u0259sr olunur \u201cYeyinti,toxuculuq v\u0259 y\u00fcng\u00fcl s\u0259naye sah\u0259l\u0259rinin aktual probleml\u0259ri\u201d m\u00f6vzusunda Respublika Elmi-Praktiki konfrans\u0131n\u0131n materiallar\u0131 G\u0259nc\u0259-2011<br \/>\n2. Aegilops cyilindirica Host. n\u00f6v\u00fcn\u00fcn morfo-anatomik x\u00fcsusiyy\u0259tl\u0259ri, Az\u0259rbaycan Milli Elml\u0259r Akademiyas\u0131 Botanika \u0130nstitutu \u201cFaydal\u0131 bitkil\u0259rd\u0259n istifad\u0259nin aktual probleml\u0259ri\u201d m\u00f6vzusunda beyn\u0259lxalq<br \/>\n3. Aegilops L., n\u00f6vl\u0259rind\u0259 erk\u0259kciyin formala\u015fmas\u0131, M\u00fcasir Aqrar Elm: Qloballa\u015fma \u015f\u0259raitind\u0259 \u0259srin aktual probleml\u0259ri v\u0259 inki\u015faf perspektivl\u0259ri Beyn\u0259lxalq Elmi- Praktiki Konfrans II cild G\u0259nc\u0259-2014<br \/>\n4. Eroziyan\u0131n inki\u015faf\u0131n\u0131 m\u00fc\u0259yy\u0259n ed\u0259n \u015f\u0259rait, eroziyan\u0131n qar\u015f\u0131s\u0131n\u0131n al\u0131nmas\u0131 v\u0259 fitomeliorasiya, M\u00fcasir kimya v\u0259 biologiyan\u0131n aktual probleml\u0259ri, Beyn\u0259lxalq elmi konfrans, 12-13 may 2016-c\u0131 il, IV hiss\u0259.<br \/>\n5. T\u0259bi\u0259tin v\u0259 t\u0259bii ehtiyatlar\u0131n m\u00fchafiz\u0259si, G\u0259nc aliml\u0259rin I beyn\u0259lxalq elmi konfrans\u0131 17-18 oktyabr G\u0259nc\u0259 2016<br \/>\n6. T\u0259bii sisteml\u0259rin ekoloji balansda saxlanmas\u0131, M\u00fcasir t\u0259bi\u0259t v\u0259 iqtisad elml\u0259rinin aktual probleml\u0259ri. Beyn\u0259lxalq Elmi Konfrans 04-05 may 2018-ci il.II hiss\u0259<br \/>\n7. Az\u0259rbaycan Respublikas\u0131 \u00e7aylar\u0131n\u0131n ekoloji probleml\u0259ri, M\u00fcasir t\u0259bi\u0259t v\u0259 iqtisad elml\u0259rinin aktual probleml\u0259ri. Beyn\u0259lxalq Elmi Konfrans 03-04 may 2019-cu il.III hiss\u0259<br \/>\n8. X\u00fcsusi m\u00fchafiz\u0259 olunan \u0259razil\u0259rd\u0259 antropogen amill\u0259rin yaratdi\u011f\u0131 ekoloji probleml\u0259r, M\u00fcasir t\u0259bi\u0259t v\u0259 iqtisad elml\u0259rinin aktual probleml\u0259ri. Beyn\u0259lxalq Elmi Konfrans 06-07 may 2021-cu il.II hiss\u0259<br \/>\n9. Qaraba\u011fda vandalizm\u0259 m\u0259ruz qalmi\u015f t\u0259bii ekosisteml\u0259r, Sumqay\u0131t d\u00f6vl\u0259t Universititeti KONFRANS MATER\u0130ALLARI 2022 \u21162<br \/>\n10. Analoqu olmayan m\u00f6c\u00fcz\u0259vi naftalan neftinin \u0259h\u0259miyy\u0259ti, M\u00fcasir t\u0259bi\u0259t v\u0259 iqtisad elml\u0259rinin aktual probleml\u0259ri. Beyn\u0259lxalq Elmi Konfrans I H\u0130SS\u018f G\u0259nc\u0259-2022-ci il.<\/p>\n<p>Dil bilgisi:<\/p>\n<p>Turk,ingilis,rus<\/p>\n<p>Partiyal\u0131\u011f\u0131: YAP<\/p>\n<p>40 elmi \u0259s\u0259rin m\u00fc\u0259llifidir.<\/p>\n","protected":false},"excerpt":{"rendered":"<p>Q\u0131sa bioqrafik m\u0259lumat: N\u0259sirova N\u0259sib\u0259 Volodiya q\u0131z\u0131 1977-ci il aprel ay\u0131n\u0131n 18-d\u0259 T\u0259rt\u0259r rayonu, Qarada\u011fl\u0131 k\u0259ndind\u0259 anadan olub. T\u0259hsili: 1994-c\u00fc ild\u0259 T\u0259rt\u0259r rayonu Qarada\u011fl\u0131 k\u0259ndind\u0259 orta m\u0259kt\u0259bi bitirib. 1998-ci ild\u0259 Az\u0259rbaycan D\u00f6vl\u0259t K\u0259nd T\u0259s\u0259rr\u00fcfat Akademiyas\u0131 Aqronomluq fak\u00fclt\u0259sinin Aqronomluq ixtisas\u0131n\u0131n bakalav\u0131r pill\u0259sini, 2000-ci ild\u0259 Az\u0259rbaycan D\u00f6vl\u0259t K\u0259nd T\u0259s\u0259rr\u00fcfat Akademiyas\u0131n\u0131n \u201cBotanika\u201d kafedras\u0131nda \u201cBitki anatomiyas\u0131 v\u0259 morfologiyas\u0131\u201d ixtisas\u0131 [&hellip;]<\/p>\n","protected":false},"author":3,"featured_media":5309,"parent":0,"menu_order":0,"comment_status":"closed","ping_status":"closed","template":"","meta":{"footnotes":""},"categories":[26],"tags":[],"_links":{"self":[{"href":"https:\/\/bkf.gdu.edu.az\/index.php?rest_route=\/wp\/v2\/pages\/567"}],"collection":[{"href":"https:\/\/bkf.gdu.edu.az\/index.php?rest_route=\/wp\/v2\/pages"}],"about":[{"href":"https:\/\/bkf.gdu.edu.az\/index.php?rest_route=\/wp\/v2\/types\/page"}],"author":[{"embeddable":true,"href":"https:\/\/bkf.gdu.edu.az\/index.php?rest_route=\/wp\/v2\/users\/3"}],"replies":[{"embeddable":true,"href":"https:\/\/bkf.gdu.edu.az\/index.php?rest_route=%2Fwp%2Fv2%2Fcomments&post=567"}],"version-history":[{"count":9,"href":"https:\/\/bkf.gdu.edu.az\/index.php?rest_route=\/wp\/v2\/pages\/567\/revisions"}],"predecessor-version":[{"id":5312,"href":"https:\/\/bkf.gdu.edu.az\/index.php?rest_route=\/wp\/v2\/pages\/567\/revisions\/5312"}],"wp:featuredmedia":[{"embeddable":true,"href":"https:\/\/bkf.gdu.edu.az\/index.php?rest_route=\/wp\/v2\/media\/5309"}],"wp:attachment":[{"href":"https:\/\/bkf.gdu.edu.az\/index.php?rest_route=%2Fwp%2Fv2%2Fmedia&parent=567"}],"wp:term":[{"taxonomy":"category","embeddable":true,"href":"https:\/\/bkf.gdu.edu.az\/index.php?rest_route=%2Fwp%2Fv2%2Fcategories&post=567"},{"taxonomy":"post_tag","embeddable":true,"href":"https:\/\/bkf.gdu.edu.az\/index.php?rest_route=%2Fwp%2Fv2%2Ftags&post=567"}],"curies":[{"name":"wp","href":"https:\/\/api.w.org\/{rel}","templated":true}]}}