{"id":5785,"date":"2024-05-08T09:15:39","date_gmt":"2024-05-08T07:15:39","guid":{"rendered":"https:\/\/bkf.gdu.edu.az\/?page_id=5785"},"modified":"2024-05-08T09:15:39","modified_gmt":"2024-05-08T07:15:39","slug":"yusif-abdullayev-phd","status":"publish","type":"page","link":"https:\/\/bkf.gdu.edu.az\/?page_id=5785","title":{"rendered":"Yusif Abdullayev, PhD"},"content":{"rendered":"\n<p><strong>Address:<\/strong> 509 Chisolm Way, Lexington, SC 29073 (Permanent US Resident)<\/p>\n\n\n\n<p>Email: <a href=\"mailto:yabd14@gmail.com\">yabd14@gmail.com<\/a><\/p>\n\n\n\n<p>Phone: +1 (803) 543-8703<\/p>\n\n\n\n<p><strong>EDUCATION<\/strong><\/p>\n\n\n\n<ul>\n<li>Ph.D., Petroleum Chemistry and Material Science (2008), National Academy of Science, Baku, Azerbaijan<\/li>\n\n\n\n<li>M.S., Organic Chemistry, Ganja State University (2003), Ganja, Azerbaijan<\/li>\n\n\n\n<li>B.A., Chemistry &amp; Biology, Ganja State University (2001), Ganja, Azerbaijan<\/li>\n<\/ul>\n\n\n\n<p><strong>PROFESSIONAL EXPERIENCE<\/strong><\/p>\n\n\n\n<ul>\n<li>Adjunct Faculty, Midlands Technical College (MTC) (2024-present)<\/li>\n\n\n\n<li>Chair of Chemistry Department, Baku Engineering University (BEU) (2009-2023)<\/li>\n\n\n\n<li>Associate Professor, Chemistry Department, Baku Engineering University (BEU) (2016-2023)<\/li>\n\n\n\n<li>Horizon 2020\/National Contact Point, Secure, Clean, and Efficient Energy (2019-2021)<\/li>\n\n\n\n<li>Principal Researcher, Institute of Petrochemical Processes\/ANAS (2008-2023, part-time)<\/li>\n\n\n\n<li>Assistant Professor, Chemistry Department, Baku Engineering University (BEU) (2009-2016)<\/li>\n\n\n\n<li>Visiting Fulbright Research Scholar (2015-2016), University at Buffalo, The State University of New York, Department of Chemistry, Buffalo, NY, USA (with Prof. Jochen Autschbach)<\/li>\n\n\n\n<li>Visiting Research Scholar (2013), Emory University, Cherry L. Emerson Center for Scientific Computation, Atlanta, Georgia, USA (with Prof. Jamal Musaev)<\/li>\n\n\n\n<li>Visiting Research Scholar (2011-2012), Middle East Technical University, Faculty of Arts and Sciences, Department of Chemistry, Ankara, Turkey (with Prof. Metin Balci)<\/li>\n\n\n\n<li>Chemistry Olympiad Coordinator, Ministry of Education, Azerbaijan (2006-2009)<\/li>\n<\/ul>\n\n\n\n<p><strong>TEACHING EXPERIENCE<\/strong><\/p>\n\n\n\n<p><strong>Undergraduate Courses:<\/strong><\/p>\n\n\n\n<ul>\n<li>Organic Chemistry (I) (taught Fall &#8217;14-13; enrollment ranges 30-40 students per section)<\/li>\n\n\n\n<li>Organic Chemistry (II) (taught Spring &#8217;14-13; enrollment ranges 30-40 students per section)<\/li>\n\n\n\n<li>Analytical Chemistry (taught Fall &#8217;18-17 semesters; enrollment ranges 20-40 students per section)<\/li>\n\n\n\n<li>Physical Chemistry (taught Spring &#8217;19-18 semesters; enrollment ranges 20-40 students per section)<\/li>\n\n\n\n<li>Chemical Reaction Engineering (I, II) (taught Fall &#8217;13, Spring &#8217;14 semesters; enrollment ranges ~30 students per section)<\/li>\n\n\n\n<li>Catalysis and Catalytic Processes (taught Fall &#8217;20-17 semesters; enrollment ranges ~30 students per section)<\/li>\n<\/ul>\n\n\n\n<p><strong>Graduate Courses:<\/strong><\/p>\n\n\n\n<ul>\n<li>Advanced Spectrometry (taught Spring &#8217;21-17 semesters; enrollment ranges 7-10 students per section)<\/li>\n\n\n\n<li>Advanced Electrochemistry (taught Fall &#8217;20-17 semesters; enrollment ranges 7-10 students per section)<\/li>\n\n\n\n<li>Stereochemistry and Reaction Mechanisms (taught Fall &#8217;20-17 semesters; enrollment ranges 7-10 students per section)<\/li>\n<\/ul>\n\n\n\n<p><strong>SERVICE ACTIVITIES<\/strong><\/p>\n\n\n\n<ul>\n<li>Conference Chair, 13th International Conference on Thermal Engineering: Theory and Applications, May 23-24, 2022, Baku, Azerbaijan (https:\/\/www.ictea.ca\/)<\/li>\n\n\n\n<li>Founding member of Chemistry Department at BEU (2009)<\/li>\n\n\n\n<li>General Chair, International Chemistry and Chemical Engineering Conference, Baku, Azerbaijan, April 17-21, 2013<\/li>\n\n\n\n<li>Scientific Committee member, 6th International Junior Science Olympiad, Baku, Azerbaijan, December 2-11, 2009<\/li>\n<\/ul>\n\n\n\n<p><strong>AWARDS AND SCHOLARSHIPS<\/strong><\/p>\n\n\n\n<ul>\n<li>Fulbright Visiting Scholar Grant (J. William Fulbright Foreign Scholarship) (2015\/2016)<\/li>\n\n\n\n<li>TUBITAK (Scientific and Technological Research Council of Turkey) 2216- Research fellowships for foreign citizens (2011\/2012)<\/li>\n<\/ul>\n\n\n\n<p><strong>Funded Projects<\/strong><\/p>\n\n\n\n<p><strong>Title: &#8220;Supporting the chemistry department\u2019s laboratories of Baku Engineering University&#8221;<\/strong><\/p>\n\n\n\n<ul>\n<li>Funding Source: BP (CW2192142)<\/li>\n\n\n\n<li>Award Amount: 132,000 USD<\/li>\n\n\n\n<li>Role: Principal Investigator (PI)<\/li>\n\n\n\n<li>Dates: 03\/07\/2019-03\/07\/2020<\/li>\n<\/ul>\n\n\n\n<p><strong>Title: &#8220;Computational approach on the synthesis of some reagents applicable in petroleum industry&#8221;<\/strong><\/p>\n\n\n\n<ul>\n<li>Funding Source: SOCAR Science Foundation (S\/N 17LR)<\/li>\n\n\n\n<li>Award Amount: 35,200 USD<\/li>\n\n\n\n<li>Role: PI<\/li>\n\n\n\n<li>Dates: 10\/09\/2019-10\/09\/2020<\/li>\n<\/ul>\n\n\n\n<p><strong>Title: &#8220;Preparation of multifunctional antioxidants for enhancing exploitation properties of petroleum-based products<\/strong>&#8220;<\/p>\n\n\n\n<ul>\n<li>Funding Source: SOCAR Science Foundation (S\/N 02LR)<\/li>\n\n\n\n<li>Award Amount: 25,000 USD<\/li>\n\n\n\n<li>Role: Co-PI<\/li>\n\n\n\n<li>Dates: 01\/01\/2018-01\/01\/2019<\/li>\n<\/ul>\n\n\n\n<p><strong>LIST OF PUBLICATIONS<\/strong><\/p>\n\n\n\n<ol>\n<li>E. E. Hasanov, R. A. Rahimov, <strong>Y. Abdullayev<\/strong>, G. A. Ahmadova, Symmetric and Dissymmetric Pseudo-gemini Amphiphiles Based on Propoxylated Ethyl Piperazine and Fatty Acids, <em>ChemistrySelect<\/em> (2023) 8, e202303942. DOI: 10.1002\/slct.202303942<\/li>\n\n\n\n<li>I. Mahmudov, A.V. Gurbanov, L. Martins, <strong>Y. Abdullayev<\/strong>, A. Sujayev, K.T. Mahmudov, A.J.L. Pombeiro, Co(II\/III), Ni(II) and Cu(II) complexes with a pyrazole-functionalized 1,3,5-triazopentadiene: synthesis, structure and application in the oxidation of styrene to benzaldehyde, <em>New Journal of Chemistry<\/em>, (<strong>2023<\/strong>). DOI: 10.1039\/D3NJ01120H<strong><\/strong><\/li>\n\n\n\n<li><strong>Yusif Abdullayev<\/strong>*, Nazani Karimova, Leonardo.A. Schenberg, Lucas.C. Ducati, Jochen Autschbach, Computational predictions on Br\u00f8nsted acidic ionic liquid catalyzed carbon dioxide conversion to five-membered heterocyclic carbonyl derivatives, <em>Phys. Chem. Chem. Phys<\/em>., (<strong>2023<\/strong>). DOI: 10.1039\/D2CP05877D<strong><\/strong><\/li>\n\n\n\n<li>Zubeyda Israfilova, Parham Taslimi, \u0130lhami G\u00fcl\u00e7in, <strong>Yusif Abdullayev<\/strong>, Vagif Farzaliyev, Muhammet Karaman, Afsun Sujayev, Saleh H. Alwasel, Some Thiocyanate Containing Heterocyclic Compounds: Synthesis, Bioactivity and Molecular Docking Study, <em>ChemistrySelect<\/em> (<strong>2023<\/strong>), 8, e202203653, DOI: 10.1002\/slct.202203653<\/li>\n\n\n\n<li>Shafiga M. Nasibova, Ravan A. Rahimov, Sevda A. Muradova, <strong>Yusif Abdullayev<\/strong>,<\/li>\n<\/ol>\n\n\n\n<p>2-Hydroxyethyl substituted cationic surfactants with dodecyl hydrophobic chain: Properties and application, <em>Materials Chemistry and Physics<\/em> (<strong>2023<\/strong>), DOI: 10.1016\/j.matchemphys.2022.127268<\/p>\n\n\n\n<ul>\n<li><strong>Yusif Abdullayev<\/strong>*, Valentina Javadova, Isa Valiyev, Avtandil Talybov, Cavanshir Salmanov, and Jochen Autschbach, Ionic liquid mediated urea pyrolysis to cyanuric acid: Experimental protocol and mechanistic insights, <em>Industrial &amp; Engineering Chemistry Research <\/em>(<strong>2022<\/strong>), DOI: 10.1021\/acs.iecr.2c02791<\/li>\n\n\n\n<li>Ibadulla Mahmudov, Zeliha Atio\u011flu, Mehmet Akkurt, <strong>Yusif Abdullayev<\/strong>, Afsun Sujayeva, Ajaya Bhattaraif, Crystal structure and Hirshfeld surface analysis of 2-(4-amino-6-phenyl-1,2,5,6-tetra\u00adhydro-1,3,5-triazin-, 2-yl\u00adidene)malono\u00adnitrile di\u00admethyl\u00adformamide hemisolvate, <em>Acta Cryst.<\/em> (<strong>2022<\/strong>). E78, DOI: 10.1107\/S2056989022006910<\/li>\n\n\n\n<li><strong>Yusif Abdullayev*<\/strong>, Ramil Rzayev, Jochen Autschbach, Computational mechanistic studies on persulfate assisted p-phenylenediamine polymerization, <em>Journal of Computational Chemistry<\/em> (<strong>2022<\/strong>), 1. DOI: 10.1002\/jcc.26943<\/li>\n\n\n\n<li>Ibadulla Mahmudov, Yeliz Demir, Yusuf Sert, <strong>Yusif Abdullayev<\/strong>, Afsun Sujayev, Saleh H.Alwasel, Ilhami Gulcin, Synthesis and inhibition profiles of N-benzyl- and N-allyl aniline derivatives against carbonic anhydrase and acetylcholinesterase \u2013 A molecular docking study<em>, Arabian Journal of Chemistry<\/em>,(<strong>2022<\/strong>),&nbsp; DOI: 10.1016\/j.arabjc.2021.103645<\/li>\n\n\n\n<li>Ravan A.Rahimov, Gulnara A.Ahmadova, Khuraman A.Huseynova, Rustam Kh. Mammadov, Nahida Z.Asadova, <strong>Yusif Abdullayev<\/strong>, Minavar J.Ibrahimova, Atash V.Gurbanove, Fedor I.Zubkov, Synthesis, aggregation, and biocidal properties of N-2-hydroxypropyl piperidine based cationic surfactants, <em>Journal of Molecular Liquids<\/em>, (<strong>2021<\/strong>), DOI: 10.1016\/j.molliq.2021.117783<\/li>\n\n\n\n<li>Murad Hajili, Nazila Pour Khalili, Rasoul Moradi, <strong>Yusif Abdullayev*<\/strong>, Targeting interface HSA through anti-cancer drugs: Molecular modeling and docking, <em>Materials Today: Proceedings <\/em>(<strong>2021<\/strong>), DOI: 10.1016\/j.matpr.2021.05.288<\/li>\n\n\n\n<li><strong>Yusif Abdullayev*<\/strong>, Orkhan Ahmadov, Gunay Valadova, Ayan Karimli, Jochen Autschbach, Unveiling the catalytic effects of Br\u00f8nsted acidic ionic liquid on quantitative \u03b1-glucose conversion to 5-HMF: Experimental and computational studies, <em>Renewable Energy<\/em> (<strong>2021<\/strong>), DOI: 10.1016\/j.renene.2021.02.119<\/li>\n\n\n\n<li><strong>Yusif Abdullayev*,<\/strong> Vaqif Abbasov, Fuzuli Nasirov, Nigar Rzayeva, Leyla Nasibova, Jochen Autschbach, Computational mechanistic studies of the carbon-carbon double bond difunctionalization via epoxidation and subsequent aminolysis in vegetable oils<em>, International Journal of Quantum Chemistry<\/em>, (<strong>2021<\/strong>). DOI: 10.1002\/qua.26609<\/li>\n\n\n\n<li>Elgun Hasanov, Ravan Rahimov\u204e, <strong>Yusif Abdullayev<\/strong><strong>\u204e<\/strong><strong>,<\/strong> Ziyafaddin Asadov, Gulnara Ahmadova, Aygun Isayeva, Ulviyya Yolcuyeva, Fedor Zubkov, Jochen Autschbach, Counterion-coupled gemini surfactants based on propoxylated hexamethylenediamine and fatty acids: Theory and application, <em>Journal of Molecular Liquids<\/em>, (<strong>2020<\/strong>). DOI: 10.1016\/j.molliq.2020.114050<\/li>\n\n\n\n<li><strong>Yusif Abdullayev*,<\/strong> Ayaz Mammadov, Nazani Karimova, Avtandil Talybov, Ulviyya Yolchuyeva, Jochen Autschbach, Construction of New Azo\u2010group Containing Polycyclic Imidazole Derivatives: Computational Mechanistic, Structural, and Fluorescence Studies, <em>ChemistrySelect<\/em>, (<strong>2020<\/strong>) DOI: 10.1002\/slct.202000949<\/li>\n\n\n\n<li>Nazila Pourkhalili, Rasoul Moradi, Pirouz Kavehpour, Faiq Islamzada, <strong>Yusif Abdullayev<\/strong>, Fabrication and biocompatibility of BNNT supramolecular complexes and PCL\/BNNTs nanofibers, <em>Materials Today: Proceedings<\/em> (<strong>2020<\/strong>) DOI: 10.1016\/j.matpr.2020.02.782<\/li>\n\n\n\n<li>E.E. Hasanov, R.A. Rahimov*, <strong>Y. Abdullayev*,<\/strong> Z.H. Asadov, G.A. Ahmadova, A.M. Isayeva, S.F. Ahmadbayova, F.I. Zubkov, J. Autschbach, New Class of Cocogem Surfactants Based on Hexamethylenediamine, Propylene oxide, and Long Chain Carboxylic Acids: Theory and Application, <em>Journal of Industrial and Engineering Chemistry<\/em>, (<strong>2020<\/strong>). DOI:10.1016\/j.jiec.2020.02.019<\/li>\n\n\n\n<li>Ravan Rahimov*, Ziyafaddin Asadov, Gulnara Ahmadova, Seyid-Zeynab Hashimzade, <strong>Yusif Abdullayev*,<\/strong> Etibar Ismailova, Samira Suleymanova, Nahida Asadova, Fedor Zubkov, Jochen Autschbach, Aggregation and Antimicrobial Properties of Gemini Surfactants with Mono- and Di-(2-Hydroxypropyl)ammonium Head-Groups: Effect of the Spacer Length and Computational Studies<em>, Journal of Molecular Liquids<\/em>, (<strong>2020<\/strong>). DOI: 10.1016\/j.molliq.2020.112579<\/li>\n\n\n\n<li><strong>Y. Abdullayev*,<\/strong> A. Sudjaev, J. Autschbach, Computational investigation of catalytic effects of CX3COOH (X\u2009=\u2009F,Cl,H) on the three-component cyclocondensation reaction, <em>Journal of Molecular Modeling<\/em>, 25 (<strong>2019<\/strong>) 173.\/ DOI: 10.1007\/s00894-019-4059-7<\/li>\n<\/ul>\n\n\n\n<ul>\n<li>I. Valiyev, <strong>Y.<\/strong> <strong>Abdullayev*,<\/strong> S. Yagubova, S. Baybekov, C. Salmanov, J. Autschbach, Experimental and computational study of metal-free Br\u00f8nsted acidic ionic liquid catalyzed benzylic C(sp3)-H bond activation and C-N, C-C cross couplings, <em>Journal of Molecular Liquids<\/em>, (<strong>2019<\/strong>). DOI: 10.1016\/j.molliq.2019.02.035<\/li>\n\n\n\n<li><strong>Y. Abdullayev*,<\/strong> V. Abbasov, L. C. Ducati, A. Talybov, and J. Autschbach*, Ionic Liquid Solvation versus Catalysis: Computational Insight from a Multisubstituted Imidazole Synthesis in [Et2NH2][HSO4], <em>ChemistryOpen<\/em> (<strong>2016<\/strong>), 5, 460-469\/DOI: 10.1002\/open.201600066\/<\/li>\n\n\n\n<li>S. K. Mohamed, J. Simpson, A. A. Marzouk, A. H. Talybov, A. A. Abdelhamid, <strong>Y. A. Abdullayev<\/strong> and V. M. Abbasov, Multicomponent green synthesis, spectroscopic and structural investigation of multi-substituted imidazoles. Part 1, <em>Z. Naturforsch., B Chem. Sci<\/em>. (<strong>2015<\/strong>), 70, 809.\/DOI 10.1515\/znb-2015-0067<\/li>\n\n\n\n<li>N. Menges, O. Sari, <strong>Y. Abdullayev<\/strong>, S. S. Erdem and M. Balci, Design and Synthesis of Pyrrolotriazepine Derivatives: An Experimental and Computational Study, <em>J. Org. Chem<\/em>. (<strong>2013<\/strong>), 78, 5184-5195.\/ DOI: 10.1021\/jo4001228<\/li>\n<\/ul>\n\n\n\n<p><strong>LIST OF PATENTS<\/strong><\/p>\n\n\n\n<ul>\n<li>Abdullayev et al. &#8211; Methods of and systems for electrochemical reduction of substrates (PCT Int. Appl. 2020, WO 2020008267 A2 20200109)<\/li>\n\n\n\n<li>Abdullayev et al. &#8211; Methods of and systems for electrochemical reduction of substrates (U.S. Pat. Appl. Publ. 2020, US 20200010964 A1 20200109)<\/li>\n<\/ul>\n\n\n\n<p><strong>LIST OF SELECTED PRESENTATIONS<\/strong><\/p>\n\n\n\n<ul>\n<li>\u201cTheory for low-cost [Et<sub>2<\/sub>NH<sub>2<\/sub>]HSO<sub>4<\/sub> ionic liquid catalyzed CO<sub>2<\/sub> conversion to cyclic carbonates, cyclic carbamates, cyclic ureas, and cyclic carbonylsulfates\u201d 5<sup>th<\/sup> Green and Sustainable Chemistry Conference, Elsevier, <strong>10-11 November 2020<\/strong>, Dresden, Germany<\/li>\n\n\n\n<li>\u201cDFT studies on ionic liquid catalyzed CO2 conversion\u201d (Keynote speech) 2<sup>nd<\/sup> International Conference of Young Scientist, <strong>3-6 March 2020<\/strong>, Azerbaijan National Academy of Sciences, Baku, Azerbaijan<\/li>\n\n\n\n<li>\u201cComputational approach in organic synthesis\u201d Seminar, <strong>27 November 2017<\/strong>, Institute of Chemistry of Additives, ANAS, Baku, Azerbaijan<\/li>\n<\/ul>\n\n\n\n<p><strong>REVIEWER FOR JOURNALS<\/strong><\/p>\n\n\n\n<ul>\n<li>Advanced Sustainable Systems (Wiley-VCH)<\/li>\n\n\n\n<li>Chemistry: An Asian Journal (Wiley-VCH)<\/li>\n\n\n\n<li>Chemistry and Biodiversity (Wiley-VCH)<\/li>\n\n\n\n<li>ChemistrySelect (Wiley-VCH)<\/li>\n\n\n\n<li>The Chemical Record (Wiley-VCH)<\/li>\n\n\n\n<li>Physical Chemistry Chemical Physics (RSC)<\/li>\n\n\n\n<li>The Journal of Organic Chemistry (ACS)<\/li>\n\n\n\n<li>Journal of Molecular Liquids (Elsevier)<\/li>\n\n\n\n<li>Polycyclic Aromatic Compounds (Taylor &amp; Francis)<\/li>\n<\/ul>\n\n\n\n<p><strong>COMMUNITY SERVICE<\/strong><\/p>\n\n\n\n<ul>\n<li>Chairman of parents&#8217; association of Khirdalan High School (#8)<\/li>\n\n\n\n<li>Outreach activities: Preparation of High School (Lyceum named after Z. Aliyeva) students for scientific and project Olympiads.<\/li>\n<\/ul>\n","protected":false},"excerpt":{"rendered":"<p>Address: 509 Chisolm Way, Lexington, SC 29073 (Permanent US Resident) Email: yabd14@gmail.com Phone: +1 (803) 543-8703 EDUCATION PROFESSIONAL EXPERIENCE TEACHING EXPERIENCE Undergraduate Courses: Graduate Courses: SERVICE ACTIVITIES AWARDS AND SCHOLARSHIPS Funded Projects Title: &#8220;Supporting the chemistry department\u2019s laboratories of Baku Engineering University&#8221; Title: &#8220;Computational approach on the synthesis of some reagents applicable in petroleum industry&#8221; [&hellip;]<\/p>\n","protected":false},"author":3,"featured_media":0,"parent":0,"menu_order":0,"comment_status":"closed","ping_status":"closed","template":"","meta":{"footnotes":""},"categories":[42],"tags":[],"_links":{"self":[{"href":"https:\/\/bkf.gdu.edu.az\/index.php?rest_route=\/wp\/v2\/pages\/5785"}],"collection":[{"href":"https:\/\/bkf.gdu.edu.az\/index.php?rest_route=\/wp\/v2\/pages"}],"about":[{"href":"https:\/\/bkf.gdu.edu.az\/index.php?rest_route=\/wp\/v2\/types\/page"}],"author":[{"embeddable":true,"href":"https:\/\/bkf.gdu.edu.az\/index.php?rest_route=\/wp\/v2\/users\/3"}],"replies":[{"embeddable":true,"href":"https:\/\/bkf.gdu.edu.az\/index.php?rest_route=%2Fwp%2Fv2%2Fcomments&post=5785"}],"version-history":[{"count":1,"href":"https:\/\/bkf.gdu.edu.az\/index.php?rest_route=\/wp\/v2\/pages\/5785\/revisions"}],"predecessor-version":[{"id":5786,"href":"https:\/\/bkf.gdu.edu.az\/index.php?rest_route=\/wp\/v2\/pages\/5785\/revisions\/5786"}],"wp:attachment":[{"href":"https:\/\/bkf.gdu.edu.az\/index.php?rest_route=%2Fwp%2Fv2%2Fmedia&parent=5785"}],"wp:term":[{"taxonomy":"category","embeddable":true,"href":"https:\/\/bkf.gdu.edu.az\/index.php?rest_route=%2Fwp%2Fv2%2Fcategories&post=5785"},{"taxonomy":"post_tag","embeddable":true,"href":"https:\/\/bkf.gdu.edu.az\/index.php?rest_route=%2Fwp%2Fv2%2Ftags&post=5785"}],"curies":[{"name":"wp","href":"https:\/\/api.w.org\/{rel}","templated":true}]}}