{"id":607,"date":"2016-04-27T11:30:19","date_gmt":"2016-04-27T09:30:19","guid":{"rendered":"http:\/\/bkf.gdu.edu.az\/?page_id=607"},"modified":"2025-05-30T10:31:50","modified_gmt":"2025-05-30T08:31:50","slug":"professor-tagiyev-tagi-ibrahim-oglu","status":"publish","type":"page","link":"https:\/\/bkf.gdu.edu.az\/?page_id=607","title":{"rendered":"PROFESSOR TA\u011eIYEV TA\u011eI \u0130BRAH\u0130M O\u011eLU"},"content":{"rendered":"\n<figure class=\"wp-block-image size-full\"><img loading=\"lazy\" decoding=\"async\" width=\"153\" height=\"192\" src=\"https:\/\/bkf.gdu.edu.az\/wp-content\/uploads\/2024\/02\/tagi.png\" alt=\"\" class=\"wp-image-5415\"\/><\/figure>\n\n\n\n<p>QISA B\u0130OQRAF\u0130K M\u018fLUMAT <br>28 dekabr 1942 \u2013ci ild\u0259 Nax\u00e7\u0131van Muxtar respublikas\u0131n\u0131n Ordubad rayonun Unus k\u0259ndind\u0259 kolxoz\u00e7u ail\u0259sind\u0259 anadan olmu\u015fdur. Ail\u0259lidir, be\u015f \u00f6vlad\u0131 var. Onlardan ikisi h\u0259kim, \u00fc\u00e7\u00fc is\u0259 m\u00fc\u0259llimdir.<\/p>\n\n\n\n<p>T\u0259hsili:<br>1967-ci ild\u0259 Q\u0131rm\u0131z\u0131 \u018fm\u0259k Bayra\u011f\u0131 ordenli Neft v\u0259 Kimya institunu kimya texnologiya fakult\u0259sini bitirb m\u00fch\u0259ndis-texnoloq ixtisas\u0131na yiy\u0259l\u0259nmi\u015fdir.<br>1974 c\u00fc ild\u0259 Q\u0131rm\u0131z\u0131 \u018fm\u0259k Bayra\u011f\u0131 ordenli Az\u0259rbaycan Pedaqoji \u0130nstitunun biologia fakult\u0259sini bitirib biologiya m\u00fc\u0259llimi ixtisas\u0131na yiy\u0259l\u0259nmi\u015fdir.\u201d B\u0130L\u0130K\u201d MAAR\u0130F\u00c7\u0130L\u0130K C\u018fM\u0130YY\u018fT\u0130 G\u018fNC\u018f REG\u0130ONAL T\u018f\u015eK\u0130LATI \u0130NFORMAS\u0130YA-T\u018fHS\u0130L\u2013M\u018fRK\u018fZ\u0130ND\u018f \u201c 24 \u201c aprel 2014-c\u00fc tarixind\u0259n \u201c24\u201d iyul 2014 \u2013c\u00fc il tarixin\u0259d\u0259k MSWord, MSExsel, MSWindovs, Internet, POWER Point \u201cKOMPUTER TEXN\u0130KASI V\u018f \u0130NFORMAT\u0130V TEXNOLOG\u0130YALAR kursunu q\u0131rm\u0131z\u0131 diplomla bitirmi\u015fdir.<br>Elmi d\u0259r\u0259c\u0259si v\u0259 adlar\u0131<br>V.\u0130.Lenin ad\u0131na Mockva Pedaqoji \u0130nctitunun Elmi Covetinin q\u0259rar\u0131 il\u0259 23 iyun 1986 \u2013c\u0131 il 40 \u2116 -li protokol \u0259sas\u0131nda Pedaqoji Elml\u0259r namiz\u0259di Elmi d\u0259r\u0259c\u0259si verilmi\u015fdir.<br>Az\u0259rbaycan Respublikasi Prezidenti Yan\u0131nda Ali Attestasiya Komissiyasi 1 iyul 2003 \u2013c\u00fc il tarixli ( pr. \u2116 25 ) q\u0259rar\u0131 il\u0259 kimya kafedras\u0131 \u00fczr\u0259 DOSENT elmi ad\u0131 verilmi\u015fdir.<br>Az\u0259rbaycan Respublikasinin Prezidenti Yaninda Ali Attestasiya Komissiyasi 24 iyun 2011-ci il tarixli ( prtokol \u2116 11-R) q\u0259rar\u0131 il\u0259 ELML\u018fR DOKTORU elmi d\u0259r\u0259c\u0259si verilmi\u015fdir.<br>Az\u0259rbaycan Respublikasinin Prezidenti Yaninda Ali Attestasiya Komissiyasi 30 oktyabr 2015-ci il tarixli ( protokol \u2116 13 \u2013R) q\u0259rar\u0131 il\u0259 kimya kafedras\u0131 \u00fczr\u0259 PROFESSOR elmi ad\u0131 verilmi\u015fdir.<br>Az\u0259rbaycan SSR Maarif Nazirinin 172 \u2116-li 5 iyul 1982-ci il tarixli \u0259mri il\u0259 M\u00dc\u018fLL\u0130M METOD\u0130ST ad\u0131 verilmi\u015fdir.<\/p>\n\n\n\n<p>\u018fm\u0259k F\u0259aliyy\u0259ti<br>1960-c\u0131 ild\u0259n \u0259m\u0259k f\u0259aliyy\u0259tin\u0259 ba\u015flam\u0131\u015fam. 1968-ci il\u0259 d\u0259k istehsalat\u0131n m\u00fcxt\u0259lif sah\u0259l\u0259rind\u0259 o, c\u00fcml\u0259d\u0259n geologiyada, tikintid\u0259, kim\u0259vi zavodda f\u0259hl\u0259, operator k\u00f6m\u0259k\u00e7isi, ki\u00e7ik elmi i\u015f\u00e7i v\u0259zif\u0259l\u0259rind\u0259 \u00e7al\u0131\u015fm\u0131\u015fam.<\/p>\n\n\n\n<p>1968-ild\u0259n Nax\u00e7\u0131van Muxtar respublikas\u0131n\u0131 Ordubad rayonunda do\u011fuldu\u011fum Unus k\u0259ndind\u0259 m\u00fc\u0259llimlik f\u0259aliyy\u0259tin\u0259 ba\u015flam\u0131\u015fam.<br>09.01.1998-ci ild\u0259n H.Z\u0259rdabi ad\u0131na GDP institunun (indiki GDU-nin) kimya kafedras\u0131nda m\u00fc\u0259llimlik f\u0259aliyy\u0259tin\u0259 ba\u015flam\u0131\u015fam.H\u0259min ild\u0259n \u0259v\u0259z\u00e7i m\u00fc\u0259llm, m\u00fc\u0259lim, dosent \u0259v\u0259zi, dosent, professor \u0259v\u0259z\u0131, professor v\u0259zif\u0259l\u0259rind\u0259 \u00e7al\u0131\u015fm\u0131\u015fam.<br>Hal-haz\u0131rda h\u0259min kafedrada professor v\u0259zif\u0259sind\u0259 i\u015fl\u0259yir\u0259m.<\/p>\n\n\n\n<p>T\u0259ltifl\u0259ri<br>11 dekabr 1981-ciild\u0259Az\u0259rbaycan SSRMaarif Nazirliyi Maarif , Ali M\u0259kt\u0259b v\u0259 Elmi \u0130dar\u0259 \u0130\u015f\u00e7il\u0259ri H\u0259karlar \u0130ttifaq\u0131n\u0131n Respublika Komit\u0259si t\u0259r\u0259find\u0259n G\u0259nc n\u0259slin t\u0259limi v\u0259 kommunist t\u0259rbiy\u0259sind\u0259 \u0259ld\u0259 etdiyi nailiyy\u0259tl\u0259r\u0259 g\u00f6r\u0259F\u018fXR\u0130 F\u018fRMANLA t\u0259ltif olunur.<br>29 aprel 1988-ci ild\u0259 \u018fm\u0259k Veteran\u0131 medal\u0131 il\u0259 t\u0259ltif olunmu\u015fdur.<br>Az\u0259rbaycan Respublikasi T\u0259hsil Nazirliyi G\u0259nc\u0259 D\u00f6vl\u0259t Universiteti 75 \u0130llik Yubileyi M\u00fcnasib\u0259ti \u0130l\u0259 F\u0259xri F\u0259rmanla T\u0259ltif Edilir.<\/p>\n\n\n\n<p>T\u018fDQ\u0130QAT SAH\u018fS\u0130<br>Kimyan\u0131n t\u0259drisi metodlar\u0131n\u0131n t\u0259kmill\u0259\u015fdirilm\u0259si m\u00f6vzusunda t\u0259dqiqat i\u015fi apar\u0131l\u0131r.<\/p>\n\n\n\n<p>K\u0130TABLAR<br>Kimyadan sinifd\u0259nxaric i\u015fl\u0259rd\u0259 t\u0259bi\u0259tin m\u00fchafiz\u0259si m\u0259s\u0259l\u0259l\u0259rinin \u00f6yr\u0259dilm\u0259si yollar\u0131.(metodik v\u0259sait) G\u0259nc\u0259 -2000<br>Orta \u00fcmumt\u0259hsil m\u0259kt\u0259bl\u0259rind\u0259 kimyan\u0131n dig\u0259r t\u0259bi\u0259t f\u0259nnl\u0259ri il\u0259 \u0259laq\u0259li t\u0259drisi prosesind\u0259 ekoloji bilikl\u0259rin m\u0259zmunu v\u0259 \u00f6yr\u0259dilm\u0259si yollar\u0131.Bak\u0131 &#8211; \u201cELM \u201c -2005<br>Kimyan\u0131n t\u0259drisind\u0259 ekoloji bilikl\u0259rin \u00f6yr\u0259dilm\u0259si yollar\u0131.( metodik t\u00f6vsiy\u0259 ) Bak\u0131 -1985<br>Kompleks birl\u0259\u015fm\u0259l\u0259r. I \u2013 hiss\u0259 ali m\u0259kt\u0259bl\u0259r \u00fc\u00e7\u00fcn d\u0259rs v\u0259saiti . G\u0259nc\u0259 -2001<br>Kimyadan sinifd\u0259nxaric i\u015fl\u0259rd\u0259 ekoloji m\u0259s\u0259l\u0259l\u0259rin \u00f6yr\u0259dilm\u0259si yollar\u0131 .Bak\u0131-\u201cELM\u201c-2012<br>Kompleks birl\u0259\u015fm\u0259l\u0259r kimyas\u0131. Ali m\u0259kt\u0259bl\u0259r \u00fc\u00e7\u00fcn d\u0259rslik. G\u0259nc\u0259 -2012<br>Kimyan\u0131n t\u0259drisi metodikas\u0131. I- hiss\u0259. Ali m\u0259kt\u0259bl\u0259r \u00fc\u00e7\u00fcn d\u0259rslik. Bak\u0131 \u201cElM -2012<br>Kimyan\u0131n t\u0259drisi \u00fcsulu praktikumu. Bak\u0131 \u201cElM\u201d -2012<br>Kimyan\u0131n t\u0259drisi metodikas\u0131. II- hiss\u0259. Ali m\u0259kt\u0259bl\u0259r \u00fc\u00e7\u00fcn d\u0259rslik. Bak\u0131 \u201cElM \u201c -2013<br>Kompleks birl\u0259\u015fm\u0259l\u0259r kimyas\u0131. Ali m\u0259kt\u0259bl\u0259r \u00fc\u00e7\u00fcn d\u0259rslik. Bak\u0131 \u201cELM\u201d -2014<br>Qeyri-\u00dczvi kimyan\u0131n t\u0259drisi metodikas\u0131. Ali m\u0259kt\u0259bl\u0259r \u00fc\u00e7\u00fcn d\u0259rslik. Bak\u0131 \u201cELM\u201d -2014<br>Kompleks birl\u0259\u015fm\u0259l\u0259r kimyas\u0131ndan m\u0259s\u0259l\u0259l\u0259r v\u0259 n\u00fcmun\u0259l\u0259r. Ali m\u0259kt\u0259bl\u0259r \u00fc\u00e7\u00fcn d\u0259rslik. Bak\u0131 \u201cELM\u201d -2015<br>\u00dczvi kimyan\u0131n t\u0259drisi metodikas\u0131. Ali m\u0259kt\u0259bl\u0259r \u00fc\u00e7\u00fcn d\u0259rslik. Bak\u0131 \u201cELM\u201d -2015 <\/p>\n\n\n\n<p>       Beyn\u0259lxalq Seminar, simpozium v\u0259 konfranslarda \u0130\u015ftirak\u0131.<\/p>\n\n\n\n<ol>\n<li>F\u0259nl\u0259raras\u0131 \u0259laq\u0259 prosesind\u0259 ekoloji prosesl\u0259rin \u00f6yr\u0259dilm\u0259si yollar\u0131.Beyn\u0259lxalq Elmi Simpozium . G\u0259nc\u0259-05-may- 2004<\/li>\n\n\n\n<li>M\u00fc\u0259llim haz\u0131rl\u0131\u011f\u0131n\u0131n etik probleml\u0259ri. Beyn\u0259lxalq Elmi Konfrans. 28-29 oktyabr \u2013 2011.<\/li>\n\n\n\n<li>M\u00fcasir kimyan\u0131n ekoloji probleml\u0259ri 2-ci Beyn\u0259lxalq Elmi Konfrans. Bak\u0131-7-8 noyabr -201.<\/li>\n\n\n\n<li>B\u00f6y\u00fcm\u0259kd\u0259 olan g\u0259nc n\u0259slin h\u0259yata haz\u0131rlanmas\u0131nda Heyd\u0259r \u0259liyev irsind\u0259n istifad\u0259nin rolu. <\/li>\n\n\n\n<li>Beyn\u0259lxalq Elmi Konfrans G\u0259nc\u0259- 06-07- may \u2013 2013.<\/li>\n\n\n\n<li>M\u00fcasir kimyan\u0131n ekoloji probleml\u0259ri. Elmi Konfrans. G\u0259nc\u0259-12-13 may-2014 \u2013c\u00fc il.<\/li>\n\n\n\n<li>Kimyan\u0131n t\u0259drisind\u0259 praktik istiqam\u0259tin g\u00fccl\u0259ndirlm\u0259si. Elmi \u2013Praktik konfrans. G\u0259nc\u0259 -05 -06 may 2015-ci il<\/li>\n\n\n\n<li>Kimyan\u0131n t\u0259drisind\u0259 ekoloji bacar\u0131qlar\u0131n formala\u015fd\u0131r\u0131lmas\u0131.Beyn\u0259lxalq elmi konfrans.G\u0259nc\u0259- 4-5 may 2017.<\/li>\n\n\n\n<li>Etilen v\u0259 onun homoloqlar\u0131 m\u00f6vzusunun t\u0259drisind\u0259 f\u0259al t\u0259lim metodlar\u0131ndan istifad\u0259.<\/li>\n\n\n\n<li>Beyn\u0259lxalq Elmi Konfrans. G\u0259nc\u0259 -04-05-may 2018.<\/li>\n\n\n\n<li>B\u00f6y\u00fcm\u0259kd\u0259 olan g\u0259nc n\u0259slin h\u0259yata haz\u0131rlanmas\u0131nda Heyd\u0259r \u0259liyev irsind\u0259n istifad\u0259nin rolu.<\/li>\n\n\n\n<li>Beyn\u0259lxalq Elmi Konfrans. G\u0259nc\u0259- 06-07- may-2022.<\/li>\n\n\n\n<li>M\u00fc\u0259llim haz\u0131rl\u0131\u011f\u0131n\u0131n etik probleml\u0259ri. Beyn\u0259lxalq Elmi Konfrans .Naxc\u0131van -08-09 dekabr \u2013 2022.<\/li>\n\n\n\n<li>Kimyan\u0131n t\u0259drisind\u0259 t\u0259bi\u0259tin m\u00fchafiz\u0259si m\u0259s\u0259l\u0259l\u0259rinin \u00f6yr\u0259dilm\u0259sind\u0259 sinifd\u0259nxaric i\u015fl\u0259rd\u0259 istifad\u0259 edilm\u0259si. Beyn\u0259lxalq Elmi Konfrans G\u0259nc\u0259-05-06 may.-2023<\/li>\n<\/ol>\n\n\n\n<p>SE\u00c7\u0130LM\u0130\u015e ELM\u0130 \u018fS\u018fRL\u018fR\u0130<\/p>\n\n\n\n<ol>\n<li>Kimya d\u0259rsl\u0259rind\u0259 effektiv t\u0259lim texnologiyalar\u0131ndan istifad\u0259 .Elmi metodik M\u0259cmu\u0259 \u201cKimya M\u0259kt\u0259bd\u0259\u201d-2014( 1) c\u0259h.29-35  <\/li>\n\n\n\n<li>\u041a \u043c\u0435\u0442\u043e\u0434\u0438\u043a\u0435 \u0438\u0437\u0443\u0447\u0435\u043d\u0438\u044f \u0445\u0438\u043c\u0438\u0447\u0435\u0441\u043a\u043e\u0433\u043e \u0440\u0430\u0432\u043d\u043e\u0432\u0435\u0441\u0438\u044f. \u041d\u0430\u0443\u0447\u043d\u043e-\u043c\u0435\u0442\u043e\u0434\u0438\u0447\u0435\u0441\u043a\u0438\u0439 \u0436\u0443\u0440\u043d\u0430\u043b \u0425\u0438\u043c\u0438\u044f \u0432 \u0448\u043a\u043e\u043b\u0435. \u0441\u0442.36-40, 2015 \u21163<\/li>\n\n\n\n<li>\u0410\u043a\u0442\u0438\u0432\u043d\u043e\u0435 \u043e\u0431\u0443\u0447\u0435\u043d\u0438\u0435 \u043d\u0430 \u0443\u0440\u043e\u043a\u0430\u0445 \u0445\u0438\u043c\u0438\u0438. \u041d\u0430\u0443\u0447\u043d\u043e-\u043c\u0435\u0442\u043e\u0434\u0438\u0447\u0435\u0441\u043a\u0438\u0439 \u0436\u0443\u0440\u043d\u0430\u043b \u0425\u0438\u043c\u0438\u044f \u0432 \u0448\u043a\u043e\u043b\u0435 \u0441\u0442. 20-23., 2016 \u2116 7<\/li>\n\n\n\n<li>\u0418\u0441\u043f\u043e\u043b\u044c\u0437\u043e\u0432\u0430\u043d\u0438\u0435 \u043e\u0441\u043d\u043e\u0432 \u043c\u0435\u0434\u0438\u0446\u0438\u043d\u0441\u043a\u0438\u0445 \u0437\u043d\u0430\u043d\u0438\u0439 \u043f\u0440\u0438 \u0438\u0437\u0443\u0447\u0435\u043d\u0438\u0438 \u0445\u0438\u043c\u0438\u0438. \u041d\u0430\u0443\u0447\u043d\u043e-\u043c\u0435\u0442\u043e\u0434\u0438\u0447\u0435\u0441\u043a\u0438\u0439 \u0436\u0443\u0440\u043d\u0430\u043b \u0425\u0438\u043c\u0438\u044f \u0432 \u0448\u043a\u043e\u043b\u0435. \u0441\u0442. 8- 11., 2017 \u2116 2<\/li>\n\n\n\n<li>\u041e\u0431 \u0443\u0441\u0438\u043b\u0435\u043d\u0438\u0438 \u043f\u0440\u0430\u043a\u0442\u0438\u0447\u0435\u0441\u043a\u0438\u0445 \u043d\u0430\u043f\u0440\u0430\u0432\u043b\u0435\u043d\u043d\u043e\u0441\u0442\u0438 \u0443\u0447\u0435\u0431\u043d\u043e\u0433\u043e \u043f\u0440\u043e\u0446\u0435\u0441\u0441\u0430. \u041d\u0430\u0443\u0447\u043d\u043e-\u043c\u0435\u0442\u043e\u0434\u0438\u0447\u0435\u0441\u043a\u0438\u0439 \u0436\u0443\u0440\u043d\u0430\u043b \u0425\u0438\u043c\u0438\u044f \u0432 \u0448\u043a\u043e\u043b\u0435 \u0421\u0442. 28-32., 2018 \u2116 5<\/li>\n\n\n\n<li>\u0424\u043e\u0440\u043c\u0438\u0440\u043e\u0432\u0430\u043d\u0438\u0435 \u044d\u043b\u0435\u043c\u0435\u043d\u0442\u043e\u0432 \u043c\u0435\u0434\u0438\u0446\u0438\u043d\u0441\u043a\u0438\u0445 \u0437\u043d\u0430\u043d\u0438\u0439 \u043f\u0440\u0438 \u043e\u0431\u0443\u0447\u0435\u043d\u0438\u0438 \u0445\u0438\u043c\u0438\u0438. \u041d\u0430\u0443\u0447\u043d\u043e-\u043c\u0435\u0442\u043e\u0434\u0438\u0447\u0435\u0441\u043a\u0438\u0439 \u0436\u0443\u0440\u043d\u0430\u043b \u0425\u0438\u043c\u0438\u044f \u0432 \u0448\u043a\u043e\u043b\u0435 \u0421\u0442.46-50. 2019 \u2116 1<\/li>\n\n\n\n<li>\u041e\u0431 \u0438\u0441\u043f\u043e\u043b\u044c\u0437\u043e\u0432\u0430\u043d\u0438\u0438 \u0432 \u0443\u0447\u0435\u0431\u043d\u043e\u043c \u043f\u0440\u043e\u0446\u0435\u0441\u0441\u0435 \u044d\u043b\u0435\u043c\u0435\u043d\u0442\u043e\u0432 \u0438\u0441\u0441\u043b\u0435\u0434\u043e\u0432\u0430\u043d\u0438\u0438. \u041d\u0430\u0443\u0447\u043d\u043e-\u043c\u0435\u0442\u043e\u0434\u0438\u0447\u0435\u0441\u043a\u0438\u0439 \u0436\u0443\u0440\u043d\u0430\u043b \u0425\u0438\u043c\u0438\u044f \u0432 \u0448\u043a\u043e\u043b\u0435 \u0421\u0442.35-39 . 2020 \u2116 1<\/li>\n\n\n\n<li>\u0418\u0437 \u043e\u043f\u044b\u0442\u0430 \u043e\u0431\u0443\u0447\u0435\u043d\u0438\u044f \u0448\u043a\u043e\u043b\u044c\u043d\u0438\u043a\u043e\u0432 \u043f\u0440\u0438\u0435\u043c\u0430\u043c \u043f\u0440\u043e\u0433\u043d\u043e\u0437\u0438\u0440\u043e\u0432\u0430\u043d\u0438\u044f. \u041d\u0430\u0443\u0447\u043d\u043e-\u043c\u0435\u0442\u043e\u0434\u0438\u0447\u0435\u0441\u043a\u0438\u0439 \u0436\u0443\u0440\u043d\u0430\u043b \u0425\u0438\u043c\u0438\u044f \u0432 \u0448\u043a\u043e\u043b\u0435 \u0421\u0442.47-51. 2021 \u2116 1<\/li>\n\n\n\n<li>\u041e, \u0440\u0430\u0437\u0432\u0438\u0442\u0438\u0438 \u0438\u043d\u0442\u0435\u043b\u043b\u0435\u043a\u0442\u0443\u0430\u043b\u044c\u043d\u044b\u0445 \u0443\u043c\u0435\u043d\u0438\u0439 \u0432 \u043f\u0440\u043e\u0446\u0435\u0441\u0441\u0435 \u043e\u0431\u0443\u0447\u0435\u043d\u0438\u044f. \u041d\u0430\u0443\u0447\u043d\u043e-\u043c\u0435\u0442\u043e\u0434\u0438\u0447\u0435\u0441\u043a\u0438\u0439 \u0436\u0443\u0440\u043d\u0430\u043b \u0425\u0438\u043c\u0438\u044f \u0432 \u0448\u043a\u043e\u043b\u0435 \u0421\u0442.39-41. 2022 \u2116 1<\/li>\n\n\n\n<li>\u0420\u0430\u0437\u0432\u0438\u0442\u0438\u0435 \u0442\u0432\u043e\u0440\u0447\u0435\u0441\u043a\u043e\u0433\u043e \u043c\u044b\u0448\u043b\u0435\u043d\u0438\u0435 \u0448\u043a\u043e\u043b\u044c\u043d\u0438\u043a\u043e\u0432 \u043f\u0440\u0438 \u043e\u0431\u0443\u0447\u0435\u043d\u0438\u0438 \u0445\u0438\u043c\u0438\u0438. \u041d\u0430\u0443\u0447\u043d\u043e-\u043c\u0435\u0442\u043e\u0434\u0438\u0447\u0435\u0441\u043a\u0438\u0439 \u0436\u0443\u0440\u043d\u0430\u043b \u0425\u0438\u043c\u0438\u044f \u0432 \u0448\u043a\u043e\u043b\u0435 \u0421\u0442. 2023 \u2116<\/li>\n\n\n\n<li>\u041a \u043c\u0435\u0442\u043e\u0434\u0438\u043a\u0435 \u0444\u043e\u0440\u043c\u0438\u0440\u043e\u0432\u0430\u043d\u0438\u044f \u0445\u0438\u043c\u0438\u0447\u0435\u0441\u043a\u0438\u0445 \u043f\u043e\u043d\u044f\u0442\u0438\u0439. \u041d\u0430\u0443\u0447\u043d\u043e-\u0442\u0435\u043e\u0440\u0435\u0442\u0438\u0447\u0435\u0441\u043a\u0438\u0439 \u0438 \u043c\u0435\u0442\u043e\u0434\u0438\u0447\u0435\u0441\u043a\u0438\u0439 \u0436\u0443\u0440\u043d\u0430\u043b. \u0425\u0438\u043c\u0438\u044f \u0432 \u0448\u043a\u043e\u043b\u0435 \u0421\u0442. 46-50. 2024 \u21161<\/li>\n\n\n\n<li>\u041e \u0440\u0430\u0437\u0432\u0438\u0442\u0438\u0438 \u0441\u0430\u043c\u043e\u0441\u0442\u0430\u044f\u0442\u0435\u043b\u044c\u043d\u043e\u0441\u0442\u0438 \u0443\u0447\u0430\u0448\u0438\u0445\u0441\u044f \u0432 \u043f\u0440\u043e\u0446\u0435\u0441\u0441\u0435 \u043e\u0431\u0443\u0447\u0435\u043d\u0438\u044f. \u0425\u0438\u043c\u0438\u044f \u0432 \u0448\u043a\u043e\u043b\u0435. 2025, \u0421\u0442. 45-47<\/li>\n<\/ol>\n\n\n\n<p>Dil bilgil\u0259ri :<br>Az\u0259rbaycan dili<br>Rus dili.<\/p>\n\n\n\n<p>Partiyal\u0131l\u0131\u011f\u0131 :<br>2002-ci ild\u0259n YAP-in \u00fczv\u00fcd\u00fcr.<\/p>\n","protected":false},"excerpt":{"rendered":"<p>QISA B\u0130OQRAF\u0130K M\u018fLUMAT 28 dekabr 1942 \u2013ci ild\u0259 Nax\u00e7\u0131van Muxtar respublikas\u0131n\u0131n Ordubad rayonun Unus k\u0259ndind\u0259 kolxoz\u00e7u ail\u0259sind\u0259 anadan olmu\u015fdur. Ail\u0259lidir, be\u015f \u00f6vlad\u0131 var. Onlardan ikisi h\u0259kim, \u00fc\u00e7\u00fc is\u0259 m\u00fc\u0259llimdir. T\u0259hsili:1967-ci ild\u0259 Q\u0131rm\u0131z\u0131 \u018fm\u0259k Bayra\u011f\u0131 ordenli Neft v\u0259 Kimya institunu kimya texnologiya fakult\u0259sini bitirb m\u00fch\u0259ndis-texnoloq ixtisas\u0131na yiy\u0259l\u0259nmi\u015fdir.1974 c\u00fc ild\u0259 Q\u0131rm\u0131z\u0131 \u018fm\u0259k Bayra\u011f\u0131 ordenli Az\u0259rbaycan Pedaqoji \u0130nstitunun [&hellip;]<\/p>\n","protected":false},"author":3,"featured_media":3332,"parent":0,"menu_order":0,"comment_status":"closed","ping_status":"closed","template":"","meta":{"footnotes":""},"categories":[24],"tags":[],"_links":{"self":[{"href":"https:\/\/bkf.gdu.edu.az\/index.php?rest_route=\/wp\/v2\/pages\/607"}],"collection":[{"href":"https:\/\/bkf.gdu.edu.az\/index.php?rest_route=\/wp\/v2\/pages"}],"about":[{"href":"https:\/\/bkf.gdu.edu.az\/index.php?rest_route=\/wp\/v2\/types\/page"}],"author":[{"embeddable":true,"href":"https:\/\/bkf.gdu.edu.az\/index.php?rest_route=\/wp\/v2\/users\/3"}],"replies":[{"embeddable":true,"href":"https:\/\/bkf.gdu.edu.az\/index.php?rest_route=%2Fwp%2Fv2%2Fcomments&post=607"}],"version-history":[{"count":32,"href":"https:\/\/bkf.gdu.edu.az\/index.php?rest_route=\/wp\/v2\/pages\/607\/revisions"}],"predecessor-version":[{"id":6517,"href":"https:\/\/bkf.gdu.edu.az\/index.php?rest_route=\/wp\/v2\/pages\/607\/revisions\/6517"}],"wp:featuredmedia":[{"embeddable":true,"href":"https:\/\/bkf.gdu.edu.az\/index.php?rest_route=\/wp\/v2\/media\/3332"}],"wp:attachment":[{"href":"https:\/\/bkf.gdu.edu.az\/index.php?rest_route=%2Fwp%2Fv2%2Fmedia&parent=607"}],"wp:term":[{"taxonomy":"category","embeddable":true,"href":"https:\/\/bkf.gdu.edu.az\/index.php?rest_route=%2Fwp%2Fv2%2Fcategories&post=607"},{"taxonomy":"post_tag","embeddable":true,"href":"https:\/\/bkf.gdu.edu.az\/index.php?rest_route=%2Fwp%2Fv2%2Ftags&post=607"}],"curies":[{"name":"wp","href":"https:\/\/api.w.org\/{rel}","templated":true}]}}