{"id":611,"date":"2016-04-08T10:16:15","date_gmt":"2016-04-08T08:16:15","guid":{"rendered":"http:\/\/bkf.gdu.edu.az\/?page_id=611"},"modified":"2024-02-05T14:51:21","modified_gmt":"2024-02-05T12:51:21","slug":"bas-mu%c9%99llim-haciyev-yunis-huseyn-oglu","status":"publish","type":"page","link":"https:\/\/bkf.gdu.edu.az\/?page_id=611","title":{"rendered":"BA\u015e M\u00dc\u018fLL\u0130M HACIYEV YUN\u0130S H\u00dcSEYN O\u011eLU"},"content":{"rendered":"<p><a href=\"http:\/\/bkf.gdu.edu.az\/wp-content\/uploads\/2016\/04\/ba\u015f-m\u00fc\u0259llim-Hac\u0131yev-Yunis-H\u00fcseyn-o\u011flu.jpg\"><img loading=\"lazy\" decoding=\"async\" class=\"alignnone size-full wp-image-5447 alignleft\" src=\"http:\/\/bkf.gdu.edu.az\/wp-content\/uploads\/2024\/02\/yunus.jpg\" alt=\"\" width=\"219\" height=\"307\" \/><\/a><\/p>\n<p style=\"text-align: justify;\"><strong>QISA B\u0130OQRAF\u0130K M\u018fLUMAT 3 yanvar 1965-ci ild\u0259 G\u0259nc\u0259d\u0259 m\u00fc\u0259llim ail\u0259sind\u0259 anadan olmu\u015fdur.<br \/>\nT\u0259hsili:<br \/>\n1983-c\u00fc ild\u0259 Kazan kimya-texnologiya instituna (Rusiya) daxil olmu\u015fdur.<br \/>\n1985-c\u00fc ild\u0259 Kazan D\u00f6vl\u0259t Universitetin\u0259 (Rusiya) k\u00f6c\u00fcr\u00fclm\u00fc\u015fd\u00fcr v\u0259 1989-c\u00fc ild\u0259 h\u0259min Universiteti bitirmi\u015fdir.<br \/>\n\u018fm\u0259k f\u0259aliyy\u0259ti<br \/>\n1982-ci il \u2013 Beyn\u0259lmil\u0259l f\u0259hl\u0259 g\u0259ncl\u0259r m\u0259kt\u0259bind\u0259 laborant<br \/>\n1989-1998-cu ill\u0259r-AKTA-n\u0131n (indiki ADAU) kimya kafedras\u0131nda ba\u015f laborant<br \/>\n1998-2003-c\u00fc ill\u0259r-AKTA-n\u0131n Kimya kafedras\u0131nda m\u00fc\u0259llim<br \/>\n2003-2005-ci ill\u0259r-GDU-nun Kimya kafedras\u0131nda m\u00fc\u0259llim<br \/>\n2005-ci ild\u0259n-GDU-nun Kimya kafedras\u0131nda ba\u015f m\u00fc\u0259llim<br \/>\nT\u0259ltifl\u0259ri:G\u0259nc\u0259 D\u00f6vl\u0259t Universitetinin 26 dekabr 2019-cu il tarixli 2\/201 sayl\u0131 \u0259mri il\u0259 F\u0259xri F\u0259rmanla t\u0259ltifedilmi\u015fdir.<br \/>\nT\u0259dqiqat sah\u0259si:<br \/>\nEtanolhidrazin \u0259sas\u0131nda hidrazonlar\u0131n v\u0259 onlar\u0131n t\u00f6r\u0259m\u0259l\u0259rinin al\u0131nmas\u0131 v\u0259 t\u0259dqiqi.<br \/>\nElmi \u0259s\u0259rl\u0259ri:<br \/>\n\u0421\u0438\u043d\u0442\u0435\u0437 \u043f\u0440\u043e\u0438\u0437\u0432\u043e\u0434\u043d\u044b\u0445 \u0433\u0438\u0434\u0440\u0430\u0437\u0438\u043d\u0430 \u043d\u0430 \u043e\u0441\u043d\u043e\u0432\u0435 \u044d\u0442a\u043d\u043e\u043b\u0433\u0438\u0434\u0440\u0430\u0437\u0438\u043d\u0430 \u0438 \u0438\u0445 \u0438\u0441\u043f\u044b\u0442\u0430\u043d\u0438\u0435 \u0432 \u0441\u0435\u043b\u044c\u0441\u043a\u043e\u043c \u0445\u043e\u0437\u044f\u0439\u0441\u0442\u0432\u0435. \u041c\u0430\u0442\u0435\u0440\u0438\u0430\u043b\u044b IV \u0420\u0435\u0441\u043f\u0443\u0431\u043b\u0438\u043a\u0430\u043d\u0441\u043a\u043e\u0439 \u043d\u0430\u0443\u0447\u043d\u043e-\u0442\u0435\u0445\u043d\u0438\u0447\u0435\u0441\u043a\u043e\u0439 \u043a\u043e\u043d\u0444\u0435\u0440\u0435\u043d\u0446\u0438\u0438: \u00ab\u0425\u0438\u043c\u0438\u044f \u0432 \u0441\u0435\u043b\u044c\u0441\u043a\u043e\u043c \u0445\u043e\u0437\u044f\u0439\u0441\u0442\u0432\u0435\u00bb \u0441\u0442\u0440.24, \u0411\u0430\u043a\u0443, \u043d\u043e\u044f\u0431\u0440\u044c 1989 \u0433.<br \/>\n\u0421\u0438\u043d\u0442\u0435\u0437 2,2-\u0434\u0438\u0430\u043b\u043a\u0438\u043b (\u0444\u0435\u043d\u0438\u043b)-4-(2-\u043e\u043a\u0441\u0438-\u044d\u0442\u0438\u043b) \u0442\u0438\u0430\u0434\u0438\u0430\u0437\u0438\u043d\u043e\u0432. \u0416\u0443\u0440\u043d\u0430\u043b \u00ab\u0425\u0438\u043c\u0438\u044f \u0433\u0435\u0442\u0435\u0440\u043e\u0446\u0438\u043a\u043b\u0438\u0447\u0435\u0441\u043a\u0438\u0445 \u0441\u043e\u0435\u0434\u0438\u043d\u0435\u043d\u0438\u0439\u00bb . \u21166 \u0441\u0442\u0440.838-839, \u0420\u0438\u0433\u0430, \u041b\u0430\u0442\u0432\u0438\u044f, 1991<br \/>\nHidrazonlar\u0131n borat tur\u015fusu il\u0259 reaksiyalar\u0131 \u0259sas\u0131nda bor\u00fczvi birl\u0259\u015fm\u0259l\u0259rin sintezi. G\u0259nc\u0259 Regional Elmi M\u0259rk\u0259zinin x\u0259b\u0259rl\u0259r m\u0259cmu\u0259si. \u211621, s\u0259h 32-34, \u201cElm\u201d G\u0259nc\u0259, 2006<br \/>\n\u0420\u0435\u0430\u043a\u0446\u0438\u0438 \u0432\u0437\u0430\u0438\u043c\u043e\u0434\u0435\u0439\u0441\u0442\u0432\u0438\u044f \u044d\u0442\u0430\u043d\u043e\u043b\u0433\u0438\u0434\u0440\u0430\u0437\u043e\u043d\u043e\u0432 \u043f\u0440\u043e\u043f\u0438\u043e\u043d\u043e\u0432\u043e\u0433\u043e\u0430\u043b\u044c\u0434\u0435\u0433\u0438\u0434\u0430 \u0438 \u0434\u0438\u043f\u0440\u043e\u043f\u0438\u043b-\u043a\u0435\u0442\u043e\u043d\u0430 \u0441 \u0431\u043e\u0440\u043d\u043e\u0439 \u043a\u0438\u0441\u043b\u043e\u0442\u043e\u0439. \u0416\u0443\u0440\u043d\u0430\u043b \u00ab\u041f\u0440\u043e\u0431\u043b\u0435\u043c\u044b \u0445\u0438\u043c\u0438\u0438\u00bb, \u21163, \u0441\u0442\u0440.422-426, \u0411\u0430\u043a\u0443, 2011<br \/>\n\u0421\u0438\u043d\u0442\u0435\u0437 \u0441\u0435\u0440\u0430\u043e\u0440\u0433\u0430\u043d\u0438\u0447\u0435\u0441\u043a\u0438\u0445 \u0441\u043e\u0435\u0434\u0438\u043d\u0435\u043d\u0438\u0439 \u043d\u0430 \u043e\u0441\u043d\u043e\u0432\u0435 \u0440\u0435\u0430\u043a\u0446\u0438\u0439 \u0433\u0438\u0434\u0440\u0430\u0437\u043e\u043d\u043e\u0432 \u0430\u0446\u0435\u0442\u043e\u043d\u0430 \u0438 \u0430\u0446\u0435\u0442\u0430\u043b\u044c\u0434\u0435\u0433\u0438\u0434\u0430 \u0441 \u0434\u0438\u043c\u0435\u0442\u0438\u043b\u0441\u0443\u043b\u044c\u0444\u043e\u043a\u0441\u0438\u0434\u043e\u043c. \u0416\u0443\u0440\u043d\u0430\u043b \u00ab\u041f\u0440\u043e\u0431\u043b\u0435\u043c\u044b \u0445\u0438\u043c\u0438\u0438\u00bb, \u21163, \u0441\u0442\u0440.502-505, \u0411\u0430\u043a\u0443, 2011<br \/>\nTsiklik ketonlar\u0131n etanolhidrazonlar\u0131n\u0131n sintezi v\u0259 b\u0259zi \u00e7evrilm\u0259l\u0259ri. \u201cKimya probleml\u0259ri\u201d jurnal\u0131. \u21164, s.540-542, Bak\u0131, 2012<br \/>\n\u018fv\u0259zl\u0259nmi\u015f etilhidrazinl\u0259rin \u0259sas\u0131nda heterotsiklik birl\u0259\u015fm\u0259l\u0259rin sintezi. AMEA-n\u0131n G\u0259nc\u0259 b\u00f6lm\u0259sinin X\u0259b\u0259rl\u0259r M\u0259cmu\u0259si, s.21-25, \u21163(61), G\u0259nc\u0259, 2015<br \/>\n2-Oksindolun v\u0259 t\u00f6r\u0259m\u0259l\u0259ri-ninsintez \u00fcsullar\u0131 v\u0259 onlar\u0131n t\u0259tqiqi. GDU-nun Elmi X\u0259b\u0259rl\u0259ri.s.21-23, G\u0259nc\u0259,2016<br \/>\nKetospritl\u0259rin mono\u0259v\u0259zli hidrazinl\u0259rl\u0259 reaksiyalar\u0131n\u0131n t\u0259dqiqi. GDU-nun Elmi X\u0259b\u0259rl\u0259ri 1.s.56-58, 2017<br \/>\nBeyn\u0259lxalq konfrans v\u0259 simpoziumlarda i\u015ftirak\u0131<br \/>\nKarbonilli birl\u0259\u015fm\u0259l\u0259rin etanolhidrazonlar\u0131n\u0131n sintezi v\u0259 heksametildisilazanla qar\u015f\u0131l\u0131ql\u0131 t\u0259sir reaksiyalar\u0131. Prof.A.\u018f.Verdizad\u0259nin 95 illik yubileyin\u0259 h\u0259sr olunmu\u015f \u00ab\u00dczvi reagentl\u0259r analitik kimyada\u00bb respublika konfrans\u0131n\u0131n materiallar\u0131. s\u0259h. 62-63,Bak\u0131, 2009<br \/>\nHidrazin birl\u0259\u015fm\u0259l\u0259rinin sintezi v\u0259 onlar\u0131n b\u0259zi \u00e7evrilm\u0259l\u0259ri. Aspirantlar\u0131n v\u0259 g\u0259nc t\u0259dqiqat\u00e7\u0131lar\u0131n VI respublika elmi konfrans\u0131n\u0131n materiallar\u0131. s\u0259h. 112-114, Bak\u0131, fevral 2000.Silazanla hidroksil-, amin-, tiol-, fosfin qruplar\u0131 t\u0259rkibli birl\u0259\u015fm\u0259l\u0259rin qar\u015f\u0131l\u0131ql\u0131 t\u0259sir reaksiyalar\u0131n\u0131n t\u0259dqiqi. Aspirantlar\u0131n v\u0259 g\u0259nc t\u0259dqiqat\u00e7\u0131lar\u0131n VII Respublika Elmi Konfrans\u0131n\u0131n Materiallar\u0131. s\u0259h. 86-87, Bak\u0131, iyun 2001.<br \/>\n\u0420\u0435\u0430\u043a\u0446\u0438\u044f \u0433\u0435\u043a\u0441\u0430\u043c\u0435\u0442\u0438\u043b\u0434\u0438\u0441\u0438\u043b\u0430\u0437\u0430\u043d\u0430 \u0441 2(2\/-\u0433\u0438\u0434\u0440\u043e\u043a\u0441\u0438\u044d\u0442\u0438\u043b)-\u0433\u0438\u0434\u0440\u0430\u0437\u043e\u043d\u0430\u043c\u0438 \u043a\u0435\u0442\u043e\u043d\u043e\u0432 \u0438 2,2-\u0434\u0438\u043c\u0435\u0442\u0438\u043b-4-\u0434\u0438\u0442\u0438\u043e\u043a\u0430\u0440\u0431\u043e\u043a\u0441\u0438-\u0442\u0435\u0442\u0440\u0430\u0433\u0438\u0434\u0440\u043e-1,3,4-\u043e\u043a\u0441\u0430\u0434\u0438\u0430\u0437\u0438\u043d\u043e\u043c. \u041c\u0430\u0442\u0435\u0440\u0438\u0430\u043b\u044b IV \u0412\u0441\u0435\u0441\u043e\u044e\u0437\u043d\u043e\u0433\u043e \u0441\u0438\u043c\u043f\u043e\u0437\u0438\u0443\u043c\u0430 \u043f\u043e \u043a\u0440\u0435\u043c\u043d\u0438\u0439\u043e\u0440\u0433\u0430\u043d\u0438\u0447\u0435\u0441\u043a\u0438\u043c \u0441\u043e\u0435\u0434\u0438\u043d\u0435\u043d\u0438\u044f\u043c.\u0441\u0442\u0440.16-21, \u0418\u0440\u043a\u0443\u0442\u0441\u043a, \u043e\u043a\u0442\u044f\u0431\u0440\u044c 1989 \u0433.<br \/>\n\u0421\u0438\u043d\u0442\u0435\u0437 \u0432\u0438\u043d\u0438\u043b\u0433\u0438\u0434\u0440\u0430\u0437\u043e\u043d\u043e\u0432. \u0422\u0435\u0437\u0438\u0441\u044b \u0434\u043e\u043a\u043b\u0430\u0434\u043e\u0432 \u0420\u043e\u0441\u0441\u0438\u0439\u0441\u043a\u043e\u0439 \u043a\u043e\u043d\u0444\u0435\u0440\u0435\u043d\u0446\u0438\u0438 \u00ab\u0410\u043a\u0442\u0443\u0430\u043b\u044c\u043d\u044b\u0435 \u043f\u0440\u043e\u0431\u043b\u0435\u043c\u044b \u043d\u0435\u0444\u0442\u0435\u0445\u0438\u043c\u0438\u0438\u00bb, \u0441\u0442\u0440. 105, \u041c\u043e\u0441\u043a\u0432\u0430, \u0420\u0424.\u0430\u043f\u0440\u0435\u043b\u044c 2001.<br \/>\n\u0421\u0438\u043b\u0438\u043b\u0438\u0440\u043e\u0432\u0430\u043d\u0438\u0435 \u0430\u043b\u0438\u0444\u0430\u0442\u0438\u0447\u0435\u0441\u043a\u0438\u0445 \u0433\u0438\u0434\u0440\u043e\u043a\u0441\u0438\u043a\u0435\u0442\u043e\u043d\u043e\u0432. \u0422\u0435\u0437\u0438\u0441\u044b \u0434\u043e\u043a\u043b\u0430\u0434\u043e\u0432 \u0412\u0441\u0435\u0440\u043e\u0441\u0441\u0438\u0439\u0441\u043a\u043e\u0433\u043e \u0441\u0438\u043c\u043f\u043e\u0437\u0438\u0443\u043c\u0430 \u00ab\u0425\u0438\u043c\u0438\u044f \u043e\u0440\u0433\u0430\u043d\u0438\u0447\u0435\u0441\u043a\u0438\u0445 \u0441\u043e\u0435\u0434\u0438\u043d\u0435\u043d\u0438\u0439 \u043a\u0440\u0435\u043c\u043d\u0438\u044f \u0438 \u0441\u0435\u0440\u044b\u00bb \u0441\u0442\u0440.92. \u0418\u0440\u043a\u0443\u0442\u0441\u043a, \u0420\u0424, \u0434\u0435\u043a\u0430\u0431\u0440\u044c 2001.<br \/>\n\u03b2- oksietilhidrazonlar\u0131n dehidratasiyas\u0131. XXVIII T\u00fcrkiy\u0259 ulusal kimya konqresi. Bildiri\u00f6z\u0259tl\u0259ri. S\u0259h.921. Qars. T\u00fcrkiy\u0259, 5-9 iyul 2004.<br \/>\n\u0421\u0438\u043d\u0442\u0435\u0437 \u0430\u043b\u043a\u0438\u043b\u0441\u0443\u043b\u044c\u0444\u0438\u0434\u043f\u0440\u043e\u043f\u0438\u043b\u0433\u0438\u0434\u0440\u0430\u0437\u0438\u043d\u043e\u0432 \u0438 \u0433\u0438\u0434\u0440\u0430\u0437\u043e\u043d\u043e\u0432. III \u041c\u0435\u0436\u0434\u0443\u043d\u0430\u0440\u043e\u0434\u043d\u0430\u044f \u043a\u043e\u043d\u0444\u0435\u0440\u0435\u043d\u0446\u0438\u044f \u00ab\u0422\u043e\u043d\u043a\u0438\u0439 \u043e\u0440\u0433\u0430\u043d\u0438\u0447\u0435\u0441\u043a\u0438\u0439 \u0441\u0438\u043d\u0442\u0435\u0437 \u0438 \u043a\u0430\u0442\u0430\u043b\u0438\u0437\u00bb, \u043f\u043e\u0441\u0432\u044f\u0449\u0451\u043d\u043d\u0430\u044f 85-\u043b\u0435\u0442\u0438\u044e \u0410\u0413\u041d\u0410. \u0422\u0435\u0437\u0438\u0441\u044b \u0434\u043e\u043a\u043b\u0430\u0434\u043e\u0432. c\u0442\u0440. 118-120. \u0411\u0430\u043a\u0443, 14-16 \u0434\u0435\u043a\u0430\u0431\u0440\u044f 2005.<br \/>\n\u0421\u0438\u043b\u0438\u043b\u0438\u0440\u043e\u0432\u0430\u043d\u0438\u0435\u0442\u0438\u043e\u043b-\u0438 \u0433\u0438\u0434\u0440\u043e\u043a\u0441\u0438\u043b\u0441\u043e\u0434\u0435\u0440\u0436\u0430\u0449\u0438\u0445 \u0430\u043b\u043a\u0438\u043b\u0433\u0438\u0434\u0440\u0430\u0437\u0438\u043d\u043e\u0432 \u0438 \u0433\u0438\u0434\u0440\u0430\u0437\u043e\u043d\u043e\u0432. \u041c\u0430\u0442\u0435\u0440\u0438\u0430\u043b\u044b V \u0420\u0435\u0441\u043f\u0443\u0431\u043b\u0438\u043a\u0430\u043d\u0441\u043a\u043e\u0439 \u043d\u0430\u0443\u0447\u043d\u043e-\u043f\u0440\u0430\u043a\u0442\u0438\u0447\u0435\u0441\u043a\u043e\u0439 \u043a\u043e\u043d\u0444\u0435\u0440\u0435\u043d\u0446\u0438\u0438: \u00ab\u0423\u0442\u0438\u043b\u0438\u0437\u0430\u0446\u0438\u044f \u043e\u0442\u0445\u043e\u0434\u043e\u0432 \u043f\u0440\u043e\u043c.\u0441\u0442\u0438 \u0438 \u0440\u0443\u0434\u043d\u044b\u0445 \u043c\u0438\u043d\u0435\u0440\u0430\u043b\u044c\u043d\u044b\u0445 \u043c\u0435\u0441\u0442\u043e\u0440\u043e\u0436\u0434\u0435\u043d\u0438\u0439 \u0441 \u0446\u0435\u043b\u044c\u044e \u043e\u0445\u0440\u0430\u043d\u044b \u043e\u043a\u0440\u0443\u0436\u0430\u044e\u0449\u0435\u0439 \u0441\u0440\u0435\u0434\u044b \u0438 \u044d\u043a\u043e\u043d\u043e\u043c\u0438\u0438 \u043f\u0440\u0438\u0440\u043e\u0434\u043d\u044b\u0445 \u0440\u0435\u0441\u0443\u0440\u0441\u043e\u0432\u00bb \u0441\u0442\u0440.15-16, \u0413\u044f\u043d\u0434\u0436\u0430, \u043c\u0430\u0440\u0442 1993.<br \/>\nEtanolhidrazin \u0259sas\u0131nda 5 v\u0259 6-\u00fczvl\u00fc birl\u0259\u015fm\u0259l\u0259rin sintezi. Az.EA-n\u0131n 50 illiyin\u0259 h\u0259sr edilmi\u015f elmi konfrans\u0131n materiallar\u0131, G.E.M. n\u0259\u015fri, s\u0259h.87-91, may 1995.<br \/>\nHidrazinin pestisid xass\u0259li b\u0259zi t\u00f6r\u0259m\u0259l\u0259rinin sintezi v\u0259 silill\u0259\u015fdirilm\u0259si. ADKTA-n\u0131n professor-m\u00fc\u0259llim hey\u0259tinin 1998\/99 t\u0259dris ilind\u0259ki elmi i\u015fl\u0259rinin yekununa h\u0259sr edilmi\u015f praktik konfrans\u0131n materiallar\u0131, s\u0259h. 34, may. 1999.<br \/>\n\u0421\u0438\u043d\u0442\u0435\u0437 \u0438 \u043f\u0440\u0435\u0432\u0440\u0430\u0449\u0435\u043d\u0438\u044f \u044d\u0442\u0430\u043d\u043e\u043b\u0433\u0438\u0434\u0440\u0430\u0437\u043e\u043d\u043e\u0432 \u0430\u043b\u044c\u0434\u0435\u0433\u0438\u0434\u043e\u0432 \u0438 \u043a\u0435\u0442\u043e\u043d\u043e\u0432 \u0446\u0438\u043a\u043b\u0438\u0447\u0435\u0441\u043a\u043e\u0433\u043e \u0440\u044f\u0434\u0430. \u0421\u0431\u043e\u0440\u043d\u0438\u043a \u043d\u0430\u0443\u0447\u043d\u044b\u0445 \u0442\u0440\u0443\u0434\u043e\u0432 \u0422\u0435\u043b\u0430\u0432\u0441\u043a\u043e\u0433\u043e \u0413\u043e\u0441\u0443\u0434\u0430\u0440\u0441\u0442\u0432\u0435\u043d\u043d\u043e\u0433\u043e \u0423\u043d\u0438\u0432\u0435\u0440\u0441\u0438\u0442\u0435\u0442\u0430 (\u0413\u0440\u0443\u0437\u0438\u044f), \u21162(24), \u0441\u0442\u0440.47-50, 2008.<br \/>\nKitablar:<br \/>\nT\u0259bii birl\u0259\u015fm\u0259l\u0259r kimyas\u0131n\u0131n \u0259saslar\u0131. D\u0259rs v\u0259saiti. 2021.<br \/>\nDil bigil\u0259ri:<br \/>\nRus, t\u00fcrk, ingilis<br \/>\nPartiyal\u0131l\u0131\u011f\u0131:<br \/>\n2005-ci ild\u0259n YAP-\u0131n \u00fczv\u00fc<\/strong><\/p>\n","protected":false},"excerpt":{"rendered":"<p>QISA B\u0130OQRAF\u0130K M\u018fLUMAT 3 yanvar 1965-ci ild\u0259 G\u0259nc\u0259d\u0259 m\u00fc\u0259llim ail\u0259sind\u0259 anadan olmu\u015fdur. T\u0259hsili: 1983-c\u00fc ild\u0259 Kazan kimya-texnologiya instituna (Rusiya) daxil olmu\u015fdur. 1985-c\u00fc ild\u0259 Kazan D\u00f6vl\u0259t Universitetin\u0259 (Rusiya) k\u00f6c\u00fcr\u00fclm\u00fc\u015fd\u00fcr v\u0259 1989-c\u00fc ild\u0259 h\u0259min Universiteti bitirmi\u015fdir. \u018fm\u0259k f\u0259aliyy\u0259ti 1982-ci il \u2013 Beyn\u0259lmil\u0259l f\u0259hl\u0259 g\u0259ncl\u0259r m\u0259kt\u0259bind\u0259 laborant 1989-1998-cu ill\u0259r-AKTA-n\u0131n (indiki ADAU) kimya kafedras\u0131nda ba\u015f laborant 1998-2003-c\u00fc ill\u0259r-AKTA-n\u0131n Kimya [&hellip;]<\/p>\n","protected":false},"author":3,"featured_media":5447,"parent":0,"menu_order":0,"comment_status":"closed","ping_status":"closed","template":"","meta":{"footnotes":""},"categories":[24],"tags":[],"_links":{"self":[{"href":"https:\/\/bkf.gdu.edu.az\/index.php?rest_route=\/wp\/v2\/pages\/611"}],"collection":[{"href":"https:\/\/bkf.gdu.edu.az\/index.php?rest_route=\/wp\/v2\/pages"}],"about":[{"href":"https:\/\/bkf.gdu.edu.az\/index.php?rest_route=\/wp\/v2\/types\/page"}],"author":[{"embeddable":true,"href":"https:\/\/bkf.gdu.edu.az\/index.php?rest_route=\/wp\/v2\/users\/3"}],"replies":[{"embeddable":true,"href":"https:\/\/bkf.gdu.edu.az\/index.php?rest_route=%2Fwp%2Fv2%2Fcomments&post=611"}],"version-history":[{"count":2,"href":"https:\/\/bkf.gdu.edu.az\/index.php?rest_route=\/wp\/v2\/pages\/611\/revisions"}],"predecessor-version":[{"id":5449,"href":"https:\/\/bkf.gdu.edu.az\/index.php?rest_route=\/wp\/v2\/pages\/611\/revisions\/5449"}],"wp:featuredmedia":[{"embeddable":true,"href":"https:\/\/bkf.gdu.edu.az\/index.php?rest_route=\/wp\/v2\/media\/5447"}],"wp:attachment":[{"href":"https:\/\/bkf.gdu.edu.az\/index.php?rest_route=%2Fwp%2Fv2%2Fmedia&parent=611"}],"wp:term":[{"taxonomy":"category","embeddable":true,"href":"https:\/\/bkf.gdu.edu.az\/index.php?rest_route=%2Fwp%2Fv2%2Fcategories&post=611"},{"taxonomy":"post_tag","embeddable":true,"href":"https:\/\/bkf.gdu.edu.az\/index.php?rest_route=%2Fwp%2Fv2%2Ftags&post=611"}],"curies":[{"name":"wp","href":"https:\/\/api.w.org\/{rel}","templated":true}]}}