{"id":706,"date":"2016-04-11T14:52:44","date_gmt":"2016-04-11T12:52:44","guid":{"rendered":"http:\/\/bkf.gdu.edu.az\/?page_id=706"},"modified":"2024-01-29T13:36:41","modified_gmt":"2024-01-29T11:36:41","slug":"bas-mu%c9%99llim-huseynzad%c9%99-aynur-siyavus-qizi","status":"publish","type":"page","link":"https:\/\/bkf.gdu.edu.az\/?page_id=706","title":{"rendered":"BA\u015e M\u00dc\u018fLL\u0130M H\u00dcSEYNZAD\u018f AYNUR S\u0130YAVU\u015e QIZI"},"content":{"rendered":"<p><a href=\"http:\/\/bkf.gdu.edu.az\/wp-content\/uploads\/2016\/04\/Huseynzade-Aynur-Siyavus-qizi-Ba\u015f-m\u00fc\u0259llim\u0259-\u043a\u043e\u043f\u0438\u044f.jpg\"><img loading=\"lazy\" decoding=\"async\" class=\" wp-image-717\" src=\"http:\/\/bkf.gdu.edu.az\/wp-content\/uploads\/2016\/04\/Huseynzade-Aynur-Siyavus-qizi-Ba\u015f-m\u00fc\u0259llim\u0259-\u043a\u043e\u043f\u0438\u044f-240x300.jpg\" alt=\"????????????????????????????????????\" width=\"349\" height=\"436\" srcset=\"https:\/\/bkf.gdu.edu.az\/wp-content\/uploads\/2016\/04\/Huseynzade-Aynur-Siyavus-qizi-Ba\u015f-m\u00fc\u0259llim\u0259-\u043a\u043e\u043f\u0438\u044f-240x300.jpg 240w, https:\/\/bkf.gdu.edu.az\/wp-content\/uploads\/2016\/04\/Huseynzade-Aynur-Siyavus-qizi-Ba\u015f-m\u00fc\u0259llim\u0259-\u043a\u043e\u043f\u0438\u044f.jpg 250w\" sizes=\"(max-width: 349px) 100vw, 349px\" \/><\/a><\/p>\n<p><strong>QISA BIOQRAFIK M\u018fLUMAT<\/strong><br \/>\n\u2022 25 sentyabr 1977-ci ild\u0259 G\u0259nc\u0259 \u015f\u0259h\u0259rind\u0259 ziyal\u0131 ail\u0259sind\u0259 anadan olmu\u015fdur. 2 \u00f6vlad\u0131 var.<br \/>\n<strong>T\u018fHS\u0130L\u0130. ELM\u0130 D\u018fR\u018fC\u018fS\u0130, ELM\u0130 ADLARI<\/strong><br \/>\n\u2022 1995-ci ild\u0259 G\u0259nc\u0259 \u015f\u0259h\u0259r 39 sayl\u0131 orta m\u0259kt\u0259bin rus b\u00f6lm\u0259sini bitirmi\u015fdir.<br \/>\n\u2022 2000-ci ild\u0259 Baki D\u00f6vl\u0259t Universitetinin bakalavr pill\u0259sini biologiya ixtisas\u0131 \u00fczr\u0259 bitirmi\u015fdir.<br \/>\n\u2022 2002-ci ild\u0259 Baki D\u00f6vl\u0259t Universitetinin maqistr pill\u0259sini biologiya v\u0259 biotexnologiya ixtisas\u0131 \u00fczr\u0259 bitirmi\u015fdir.<br \/>\n\u2022 AMEA-n\u0131n Botanika \u0130nstitutunun biofizika ixtisas\u0131 \u00fczr\u0259 dissertant\u0131d\u0131r.<br \/>\n<strong>\u018fM\u018fK F\u018fAL\u0130YY\u018fT\u0130<\/strong><br \/>\n\u2022 2002-ci ild\u0259 G\u0259nc\u0259 D\u00f6vl\u0259t Universitetinin Botanika kafedras\u0131nda \u2013 m\u00fc\u0259llim<br \/>\n\u2022 2008-ci ild\u0259n G\u0259nc\u0259 D\u00f6vl\u0259t Universitetinin Botanika kafedras\u0131nda \u2013 ba\u015f m\u00fc\u0259llim<br \/>\n\u201cEnzimologiya\u201d, \u201cBiotexnologiya\u201d, \u201cBiometriya\u201d, \u201cH\u0259yat bilgisi v\u0259 onun t\u0259dris metodikas\u0131\u201d f\u0259nnl\u0259ri \u00fczr\u0259 m\u00fchazir\u0259 v\u0259 laboratoriya d\u0259rsl\u0259ri t\u0259dris edir.<br \/>\n<strong>T\u018fDQ\u0130QAT SAH\u018fS\u0130<\/strong><br \/>\n\u2022 Bu\u011fda xloroplastlar\u0131nda xlorofill-z\u00fclal kompleksl\u0259rinin formala\u015fmas\u0131n v\u0259 fotokimy\u0259vi reaksiyalara manqan\u0131n t\u0259sirinin t\u0259dqiqi.<br \/>\n\u2022 12-\u0259 yax\u0131n elmi \u0259s\u0259ri var.<br \/>\n<strong>BEYN\u018fLXALQ SEM\u0130NAR, S\u0130MPOZ\u0130UM V\u018f KONFRANSLARDA \u0130\u015eT\u0130RAKI<\/strong><br \/>\n\u2022 \u0414\u0435\u0439\u0441\u0442\u0432\u0438\u0435 \u041cn2+\u043d\u0430 \u0430\u043a\u0442\u0438\u0432\u043d\u043e\u0441\u0442\u044c \u0444\u043e\u0442\u043e\u0441\u0438\u0441\u0442\u0435\u043c\u044b II \u0432 \u043b\u0438\u0441\u0442\u044c\u044f\u0445 \u043f\u0448\u0435\u043d\u0438\u0446\u044b \u0432 \u043f\u0440\u043e\u0446\u0435\u0441\u0441\u0435 \u0444\u043e\u0440\u043c\u0438\u0440\u043e\u0432\u0430\u043d\u0438\u044f \u0444\u043e\u0442\u043e\u0441\u0438\u043d\u0442\u0435\u0442\u0438\u0447\u0435\u0441\u043a\u043e\u0433\u043e \u0430\u043f\u043f\u0430\u0440\u0430\u0442\u0430. Aqrar t\u0259hsil sistemind\u0259 innovasiya texnologiyalar\u0131n\u0131n t\u0259tbiqi v\u0259 beyn\u0259lxalq \u0259m\u0259kda\u015fl\u0131q formalar\u0131.Beyn\u0259lxalq elmi-praktik konfrans\u0131n tezisl\u0259ri (21-22 may).G\u0259nc\u0259-2010.<br \/>\n\u2022 \u0414\u0435\u0439\u0441\u0442\u0432\u0438\u0435 \u041cn2+ \u043d\u0430 \u0430\u043a\u0442\u0438\u0432\u043d\u043e\u0441\u0442\u044c \u0444\u043e\u0442\u043e\u0441\u0438\u0441\u0442\u0435\u043c\u044b II \u0432 \u043b\u0438\u0441\u0442\u044c\u044f\u0445 \u043f\u0448\u0435\u043d\u0438\u0446\u044b \u0432 \u043f\u0440\u043e\u0446\u0435\u0441\u0441\u0435 \u0444\u043e\u0440\u043c\u0438\u0440\u043e\u0432\u0430\u043d\u0438\u044f \u0444\u043e\u0442\u043e\u0441\u0438\u043d\u0442\u0435\u0442\u0438\u0447\u0435\u0441\u043a\u043e\u0433\u043e \u0430\u043f\u043f\u0430\u0440\u0430\u0442\u0430.\u0410\u043a\u0442\u0443\u0430\u043b\u044c\u043d\u044b\u0435 \u043f\u0440\u043e\u0431\u043b\u0435\u043c\u044b \u0431\u0438\u043e\u044d\u043a\u043e\u043b\u043e\u0433\u0438.\u0421\u0431\u043e\u0440\u043d\u0438\u043a \u043c\u0430\u0442\u0435\u0440\u0438\u0430\u043b\u043e\u0432 II \u041c\u0435\u0436\u0434\u0443\u043d\u0430\u0440\u043e\u0434\u043d\u043e\u0439 \u043d\u0430\u0443\u0447\u043d\u043e-\u043f\u0440\u0430\u043a\u0442\u0438\u0447\u0435\u0441\u043a\u043e\u0439 \u043a\u043e\u043d\u0444\u0435\u0440\u0435\u043d\u0446\u0438\u0438 26-28 \u043e\u043a\u0442\u044f\u0431\u0440\u044f 2010 \u0433.\u041c\u043e\u0441\u043a\u0432\u0430.<br \/>\n\u2022 \u0414\u0435\u0439\u0441\u0442\u0432\u0438\u0435 \u043a\u0430\u0442\u0438\u043e\u043d\u043e\u0432 \u041cn2+ \u0438 Al 3+ \u043d\u0430 \u0441\u043e\u0441\u0442\u043e\u044f\u043d\u0438\u0435 \u0444\u043e\u0442\u043e\u0441\u0438\u043d\u0442\u0435\u0442\u0438\u0447\u0435\u0441\u043a\u043e\u0439 \u043c\u0435\u043c\u0431\u0440\u0430\u043d\u044b \u043f\u0440\u043e\u0440\u043e\u0441\u0442\u043a\u043e\u0432 \u043f\u0448\u0435\u043d\u0438\u0446\u044b Triticum aestivum L. \u0432 \u0431\u0438\u043e\u0433\u0435\u043d\u0435\u0437\u0435.IV \u0421\u044a\u0435\u0437\u0434 \u0431\u0438\u043e\u0444\u0438\u0437\u0438\u043a\u043e\u0432 \u0420\u043e\u0441\u0441\u0438\u0438. \u041c\u0430\u0442\u0435\u0440\u0438\u0430\u043b\u044b \u0434\u043e\u043a\u043b\u0430\u0434\u043e\u0432. \u0421\u0438\u043c\u043f\u043e\u0437\u0438\u0443\u043c II,20-26 \u0430\u0432\u0433\u0443\u0441\u0442\u0430 2012\u0433. \u041d\u0438\u0436\u043d\u0438\u0439 \u041d\u043e\u0432\u0433\u043e\u0440\u043e\u0434. \u0420\u043e\u0441\u0441\u0438\u044f.<br \/>\n\u2022 Photoinhibition and repair of PS II activity in the wheat leaves (Triticum aestivum L.) at the biogenesis processes.III Beyn\u0259lxalq Elmi Konfrans\u0131n\u0131n materiallar\u0131 (7-8 May) BDU.Bak\u0131-2013.<br \/>\n\u2022 \u0418\u0441\u0441\u043b\u0435\u0434\u043e\u0432\u0430\u043d\u0438\u0435 \u0432\u043b\u0438\u044f\u043d\u0438\u044f \u0444\u043e\u0442\u043e\u0438\u043d\u0433\u0438\u0431\u0438\u0440\u043e\u0432\u0430\u043d\u0438\u044f \u0438 \u0432\u043e\u0441\u0441\u0442\u0430\u043d\u043e\u0432\u043b\u0435\u043d\u0438\u044f \u0444\u043e\u0442\u043e\u0438\u043d\u0433\u0438\u0431\u0438\u0440\u043e\u0432\u0430\u043d\u0438\u044f \u0438 \u0432\u043e\u0441\u0441\u0442\u0430\u043e\u0432\u043b\u0435\u043d\u0438\u044f \u0424\u0421 2 \u043d\u0430 \u043f\u043e\u043a\u0430\u0437\u0430\u0442\u0435\u043b\u0438 \u0437\u0430\u043c\u0435\u0434\u043b\u0435\u043d\u043d\u043e\u0439 \u0444\u043b\u0443\u043e\u0440\u0435\u0441\u0446\u0435\u043d\u0446\u0438\u0438 \u0425\u043b \u0430 \u0432 \u043b\u0438\u0441\u0442\u044c\u044f\u0445 \u043f\u0448\u0435\u043d\u0438\u0446\u044b \u0432 \u043f\u0440\u0446\u0435\u0441\u0441\u0435 \u0431\u0438\u043e\u0433\u0435\u043d\u0435\u0437\u0430.\u201dM\u00fcasir kimya v\u0259 biologiyan\u0131n aktual probleml\u0259ri\u201d.Beyn\u0259lxalq konfrans materiallar\u0131.12-13 May 2016,GDU.G\u0259nc\u0259.<br \/>\n\u2022 Bu\u011fda c\u00fcc\u0259rtil\u0259rind\u0259 xlorofilin l\u0259ngidilmi\u015f fl\u00fcoresensiya g\u00f6st\u0259ricil\u0259rin\u0259 fotoinhibirl\u0259\u015fm\u0259nin t\u0259sirinin t\u0259dqiqi. G\u0259nc\u0259 D\u00f6vl\u0259t Universiteti.T\u0259bi\u0259t v\u0259 \u0130qtisad elml\u0259rinin aktual probleml\u0259rin\u0259 h\u0259sr olunmu\u015f beyn\u0259lxal konfrans.2023, GDU.G\u0259nc\u0259.<br \/>\n<strong>SE\u00c7\u0130LM\u0130\u015e \u018fS\u018fRL\u018fR\u0130<\/strong><br \/>\n\u2022 The Assemblage of chlorophyll-protein complexes of thylakoid membranes under heavy metals action. GESELLSCHAFT DEUTSCHER CHEMIKER e.V. Metallomics 2011.Geormany.<br \/>\n\u2022 \u0414\u0435\u0439\u0441\u0442\u0432\u0438\u0435 \u043a\u0430\u0442\u0438\u043e\u043d\u043e\u0432 Mn2+ \u0438 Al3+ \u043d\u0430 \u0441\u043e\u0441\u0442\u043e\u044f\u043d\u0438\u0435 \u0444\u043e\u0442\u043e\u0441\u0438\u043d\u0442\u0435-\u0442\u0438\u0447\u0435\u0441\u043a\u043e\u0439 \u043c\u0435\u043c\u0431\u0440\u0430\u043d\u044b \u043f\u0440\u043e\u0440\u043e\u0441\u0442\u043a\u043e\u0432 \u043f\u0448\u0435\u043d\u0438\u0446\u044b Triticum aestivum L. \u0432 \u0431\u0438\u043e\u0433\u0435\u043d\u0435\u0437\u0435. IV \u0421\u044a\u0435\u0437\u0434 \u0411\u0438\u043e\u0444\u0438\u0437\u0438\u043a\u043e\u0432 \u0420\u043e\u0441\u0441\u0438\u0438.\u041d\u0438\u0436\u043d\u0438\u0439 \u041d\u043e\u0432\u0433\u043e\u0440\u043e\u0434.\u041d\u0438\u0436\u0435\u0433\u043e\u0440\u043e\u0434\u0441\u043a\u0438\u0439 \u0413\u043e\u0441\u0443\u0434\u0430\u0440\u0441\u0442\u0432\u0435\u043d\u043d\u044b\u0439 \u0423\u043d\u0438\u0432\u0435\u0440\u0441\u0438\u0442\u0435\u0442 \u0438\u043c. \u041d.\u0418.\u041b\u043e\u0431\u0430\u0447\u0435\u0432\u0441\u043a\u043e\u0433\u043e.\u041c\u0430\u0442\u0435\u0440\u0438\u0430\u043b\u044b \u0434\u043e\u043a\u043b\u0430\u0434\u043e\u0432(20-26 \u0430\u0432\u0433\u0443\u0441\u0442\u0430).2012.<br \/>\n\u2022 \u0412\u043b\u0438\u044f\u043d\u0438\u0435 \u0438\u043e\u043d\u043e\u0432 Mn2+ \u043d\u0430 \u0438\u043d\u0442\u0435\u043d\u0441\u0438\u0432\u043d\u043e\u0441\u0442\u044c \u0437\u0430\u043c\u0435\u0434-\u043b\u0435\u043d\u043d\u043e\u0439 \u0444\u043b\u0443\u043e\u0440\u0435\u0441\u0446\u0435\u043d\u0446\u0438\u0438 \u0445\u043b\u043e\u0440\u043e\u0444\u0438\u043b\u043b\u0430 \u0432 \u043f\u0440\u043e\u0440\u043e\u0441\u0442\u043a\u0430\u0445 \u043f\u0448\u0435\u043d\u0438\u0446\u044b. AMEA-nin G\u0259nc\u0259 B\u00f6lm\u0259sinin X\u0259b\u0259rl\u0259r m\u0259cmu\u0259si.\u2116 3(73).G\u0259nc\u0259.2018.<br \/>\n\u2022 Effect of manganese ions on the state of chlorophyll-protein complexes of photosystem II at low pH. Advances in Biology &amp; Earth Sciences. Vol.7, No.3. 2022, pp.192-197.<br \/>\n<strong>D\u0130L B\u0130LG\u0130S\u0130:<\/strong><br \/>\nAz\u0259rbaycan, Rus, T\u00fcrk, \u0130ngilis (l\u00fc\u011f\u0259tl\u0259)<br \/>\n<strong>PART\u0130YALI\u011eI:<\/strong><br \/>\n\u2022 2002-ci ild\u0259n YAP-\u0131n \u00fczv\u00fcd\u00fcr.<\/p>\n","protected":false},"excerpt":{"rendered":"<p>QISA BIOQRAFIK M\u018fLUMAT \u2022 25 sentyabr 1977-ci ild\u0259 G\u0259nc\u0259 \u015f\u0259h\u0259rind\u0259 ziyal\u0131 ail\u0259sind\u0259 anadan olmu\u015fdur. 2 \u00f6vlad\u0131 var. T\u018fHS\u0130L\u0130. ELM\u0130 D\u018fR\u018fC\u018fS\u0130, ELM\u0130 ADLARI \u2022 1995-ci ild\u0259 G\u0259nc\u0259 \u015f\u0259h\u0259r 39 sayl\u0131 orta m\u0259kt\u0259bin rus b\u00f6lm\u0259sini bitirmi\u015fdir. \u2022 2000-ci ild\u0259 Baki D\u00f6vl\u0259t Universitetinin bakalavr pill\u0259sini biologiya ixtisas\u0131 \u00fczr\u0259 bitirmi\u015fdir. \u2022 2002-ci ild\u0259 Baki D\u00f6vl\u0259t Universitetinin maqistr pill\u0259sini biologiya [&hellip;]<\/p>\n","protected":false},"author":3,"featured_media":717,"parent":0,"menu_order":0,"comment_status":"closed","ping_status":"closed","template":"","meta":{"footnotes":""},"categories":[23],"tags":[],"_links":{"self":[{"href":"https:\/\/bkf.gdu.edu.az\/index.php?rest_route=\/wp\/v2\/pages\/706"}],"collection":[{"href":"https:\/\/bkf.gdu.edu.az\/index.php?rest_route=\/wp\/v2\/pages"}],"about":[{"href":"https:\/\/bkf.gdu.edu.az\/index.php?rest_route=\/wp\/v2\/types\/page"}],"author":[{"embeddable":true,"href":"https:\/\/bkf.gdu.edu.az\/index.php?rest_route=\/wp\/v2\/users\/3"}],"replies":[{"embeddable":true,"href":"https:\/\/bkf.gdu.edu.az\/index.php?rest_route=%2Fwp%2Fv2%2Fcomments&post=706"}],"version-history":[{"count":6,"href":"https:\/\/bkf.gdu.edu.az\/index.php?rest_route=\/wp\/v2\/pages\/706\/revisions"}],"predecessor-version":[{"id":5245,"href":"https:\/\/bkf.gdu.edu.az\/index.php?rest_route=\/wp\/v2\/pages\/706\/revisions\/5245"}],"wp:featuredmedia":[{"embeddable":true,"href":"https:\/\/bkf.gdu.edu.az\/index.php?rest_route=\/wp\/v2\/media\/717"}],"wp:attachment":[{"href":"https:\/\/bkf.gdu.edu.az\/index.php?rest_route=%2Fwp%2Fv2%2Fmedia&parent=706"}],"wp:term":[{"taxonomy":"category","embeddable":true,"href":"https:\/\/bkf.gdu.edu.az\/index.php?rest_route=%2Fwp%2Fv2%2Fcategories&post=706"},{"taxonomy":"post_tag","embeddable":true,"href":"https:\/\/bkf.gdu.edu.az\/index.php?rest_route=%2Fwp%2Fv2%2Ftags&post=706"}],"curies":[{"name":"wp","href":"https:\/\/api.w.org\/{rel}","templated":true}]}}