{"id":778,"date":"2016-04-21T12:28:45","date_gmt":"2016-04-21T10:28:45","guid":{"rendered":"http:\/\/bkf.gdu.edu.az\/?page_id=778"},"modified":"2016-04-21T12:29:31","modified_gmt":"2016-04-21T10:29:31","slug":"tec-in-s%c9%99dri-dos-ibrahimli-sahil-isa-oglu","status":"publish","type":"page","link":"https:\/\/bkf.gdu.edu.az\/?page_id=778","title":{"rendered":"TEC-in s\u0259dri: Dos. \u0130brahimli Sahil \u0130sa o\u011flu"},"content":{"rendered":"<p><a href=\"http:\/\/bkf.gdu.edu.az\/wp-content\/uploads\/2016\/04\/dosent-\u0259v\u0259zi-\u0130brahimli-Sahil-\u0130sa-o\u011flu.jpg\"><img loading=\"lazy\" decoding=\"async\" class=\"wp-image-785 alignleft\" src=\"http:\/\/bkf.gdu.edu.az\/wp-content\/uploads\/2016\/04\/dosent-\u0259v\u0259zi-\u0130brahimli-Sahil-\u0130sa-o\u011flu-240x300.jpg\" alt=\"????????????????????????????????????\" width=\"351\" height=\"438\" srcset=\"https:\/\/bkf.gdu.edu.az\/wp-content\/uploads\/2016\/04\/dosent-\u0259v\u0259zi-\u0130brahimli-Sahil-\u0130sa-o\u011flu-240x300.jpg 240w, https:\/\/bkf.gdu.edu.az\/wp-content\/uploads\/2016\/04\/dosent-\u0259v\u0259zi-\u0130brahimli-Sahil-\u0130sa-o\u011flu.jpg 250w\" sizes=\"(max-width: 351px) 100vw, 351px\" \/><\/a><\/p>\n<p style=\"text-align: center;\">G\u0259nc\u0259 D\u00f6vl\u0259t Universitetinin<br \/>\nBiologiya-kimya fak\u00fclt\u0259sinin TEC-nin<br \/>\nSTRUKTURU<\/p>\n<p style=\"text-align: justify;\">Universitetl\u0259rin h\u0259yat\u0131nda t\u0259l\u0259b\u0259l\u0259rin elm\u0259, t\u0259hsil\u0259 k\u00f6kl\u0259nm\u0259sind\u0259 TEC m\u00fcst\u0259sna \u0259h\u0259miyy\u0259t\u0259 malik olan bir strukturdur. \u00c7\u00fcnki, t\u0259l\u0259b\u0259l\u0259rin elmi istiqam\u0259t se\u00e7m\u0259l\u0259rind\u0259 TEC-l\u0259r i\u015fin \u0259sas hiss\u0259sini g\u00f6r\u00fcr. Bu n\u00f6qteyi-n\u0259z\u0259rd\u0259n GDU-nun bir s\u0131ra ciddi layih\u0259l\u0259rin realla\u015fmas\u0131n\u0131 h\u0259yata ke\u00e7irmi\u015fdir. Bel\u0259 t\u0259dbirl\u0259rd\u0259n biri ke\u00e7\u0259n ilin ilk g\u00fcnl\u0259rind\u0259 ke\u00e7iril\u0259n Milli H\u0259mr\u0259ylik g\u00fcn\u00fcn\u0259 h\u0259sr edilmi\u015f t\u0259l\u0259b\u0259 v\u0259 magistrantlar\u0131n elmi konfrans- m\u00fcsabiq\u0259sidir. Bu m\u00fcsabiq\u0259-konfrans el\u0259 formatda t\u0259\u015fkil olunmu\u015fdur ki, m\u00fckafata layiq g\u00f6r\u00fcl\u0259n i\u015fl\u0259r, ilk n\u00f6vb\u0259d\u0259 t\u0259dqiqat xarakterli v\u0259 t\u0259l\u0259b\u0259nin onu t\u0259qdim etm\u0259 bacar\u0131\u011f\u0131 y\u00fcks\u0259k s\u0259viyy\u0259d\u0259 olmal\u0131d\u0131r. Universitetin Elm v\u0259 innovasiyalar \u00fczr\u0259 prorektoru, dosent P.K\u0259rimzad\u0259nin v\u0259 m\u0259nim h\u0259ms\u0259drliyimiz, Fak\u00fclt\u0259 TEC s\u0259drl\u0259rinin \u00fczv olduqlar\u0131 m\u00fcnsifl\u0259r hey\u0259ti t\u0259r\u0259find\u0259n qiym\u0259tl\u0259ndiril\u0259n \u00e7\u0131x\u0131\u015flardan 3 \u0259d\u0259di x\u00fcsusi f\u0259rql\u0259ndiril\u0259r\u0259k pul m\u00fckafat\u0131na v\u0259 I d\u0259r\u0259c\u0259li diplomlara layiq g\u00f6r\u00fclm\u00fc\u015fl\u0259r. Daha 6 i\u015f II d\u0259r\u0259c\u0259li, 9 i\u015f is\u0259 III d\u0259r\u0259c\u0259li diplomlara layiq g\u00f6r\u00fclm\u00fc\u015fd\u00fcr. \u00dcmumilikd\u0259 60-dan \u00e7ox t\u0259l\u0259b\u0259-magistrin dinl\u0259nildiyi konfrans m\u00fcsabiq\u0259 iki g\u00fcn davam etdirilmi\u015fdir. T\u0259dbird\u0259 universitetin 8 fak\u00fclt\u0259sinin ham\u0131s\u0131 v\u0259 magistratura \u015f\u00f6b\u0259sinin t\u0259l\u0259b\u0259l\u0259ri t\u0259msil olunmu\u015flar. I d\u0259r\u0259c\u0259li diplomlar\u0131n sahibl\u0259ri a\u015fa\u011f\u0131dak\u0131lar olmu\u015flar.<\/p>\n<p>1. \u0130sg\u0259nd\u0259rova P.A. &#8211; Genetika ixtisas\u0131 \u00fczr\u0259 magistr &#8211; I kurs.<br \/>\nM\u00f6vzu: \u201cDermatoqlifka insan\u0131n genetik t\u0259dqiqat metodu kimi\u201d<br \/>\nElmi m\u0259sl\u0259h\u0259t\u00e7i: b.\u00fc.f.d Elf\u0131ra A\u011fayeva.<br \/>\n2. S.\u018f.\u018f. \u015eayam \u201cGenetika\u201d ixtisas\u0131 \u00fczr\u0259 magistr I kurs<br \/>\nM\u00f6vzu: XX amin tur\u015fusu v\u0259 onun istehsal\u0131 metodlar\u0131.<br \/>\nElmi m\u0259sl\u0259h\u0259t\u00e7il\u0259r: b.\u00fc.f.d. Elfira A\u011fayeva<br \/>\ndos. V.M\u0259mm\u0259dova<\/p>\n<p style=\"text-align: justify;\">Konfrans m\u00fcsabiq\u0259y\u0259 t\u0259qdim olunan i\u015fl\u0259rin ham\u0131s\u0131 toplu \u015f\u0259klind\u0259 \u00e7ap olunmu\u015fdur.<br \/>\n2015-ci il may ay\u0131n\u0131n 5-d\u0259 H.\u018fliyevin anadan olmas\u0131n\u0131n 92-ci ild\u00f6n\u00fcm\u00fcn\u0259 h\u0259sr edilmi\u015f \u0259n\u0259n\u0259vi XXX t\u0259l\u0259b\u0259 v\u0259 magistrl\u0259rin elmi konfrans\u0131 ke\u00e7irilmi\u015fdir. Konfransda h\u0259m H.\u018fliyevin h\u0259yat v\u0259 f\u0259aliyy\u0259tini \u0259ks etdir\u0259n m\u0259ruz\u0259l\u0259r, h\u0259m d\u0259 ayr\u0131-ayr\u0131 elm sah\u0259l\u0259rinin \u0259n aktual m\u00f6vzular\u0131n\u0131 \u0259hat\u0259 ed\u0259n m\u0259ruz\u0259l\u0259r dinl\u0259nilmi\u015fdir. Burada da f\u0259rql\u0259n\u0259n t\u0259l\u0259b\u0259l\u0259r diplomlarla m\u00fckafatland\u0131r\u0131lm\u0131\u015fd\u0131r.<br \/>\nHesabat ilinin aprel ay\u0131 \u0259rzind\u0259 universitetin b\u00fct\u00fcn fak\u00fclt\u0259l\u0259ri \u00fczr\u0259 f\u0259nn olimpiadalar\u0131n\u0131n ke\u00e7irilm\u0259sini t\u0259\u015fkil etmi\u015fik.<br \/>\nM\u0259n buradan t\u0259l\u0259b\u0259 magistrl\u0259rin n\u00f6vb\u0259ti konfrans-m\u00fcsabiq\u0259l\u0259rinin anonsunu verm\u0259k ist\u0259yir\u0259m. Konfrans-m\u00fcsabiq\u0259 D\u00fcnya Az\u0259rbaycanl\u0131lar\u0131n\u0131n H\u0259mr\u0259ylik g\u00fcn\u00fcn\u0259 h\u0259sr edilmi\u015fdir v\u0259 dekabr ay\u0131n\u0131n 28-d\u0259 Universitetin akt zal\u0131nda ke\u00e7irilmi\u015fdir.<br \/>\nBiz TEC olaraq f\u0259aliyy\u0259timizi Universitet v\u0259 ya\u015fad\u0131\u011f\u0131m\u0131z \u015f\u0259h\u0259r daxilind\u0259 m\u0259hdudla\u015fd\u0131rm\u0131r\u0131q. T\u0259l\u0259b\u0259l\u0259rimizin Respublika v\u0259 Beyn\u0259lxalq t\u0259l\u0259b\u0259 elmi t\u0259dbirl\u0259rd\u0259 i\u015ftirak\u0131n\u0131 t\u0259min edirik. Bel\u0259 t\u0259dbirl\u0259rd\u0259n biri 18 derkabr 2015-ci il<br \/>\ntarixind\u0259 BSU ke\u00e7iril\u0259n \u201cM\u00fcasir t\u0259rc\u00fcm\u0259\u015f\u00fcnasl\u0131\u011f\u0131n v\u0259 m\u0259d\u0259niyy\u0259t\u015f\u00fcnasl\u0131\u011f\u0131n aktual probleml\u0259ri\u201d adl\u0131 XIV Beyn\u0259lxalq t\u0259l\u0259b\u0259 elmi praktik konfransd\u0131r. H\u0259min konfransda filologiya fak\u00fclt\u0259sinin 5 t\u0259l\u0259b\u0259si m\u0259ruz\u0259l\u0259rl\u0259 i\u015ftirak etmi\u015fdir. Onlardan K\u0259rimova Nigar \u00e7ox sevindirici hald\u0131r ki, universitetimiz\u0259 diplomla qay\u0131tm\u0131\u015fd\u0131r.<br \/>\nYeri g\u0259lmi\u015fk\u0259n, m\u0259n TEC i\u015find\u0259 x\u00fcsusi f\u0259all\u0131q g\u00f6st\u0259r\u0259n v\u0259 t\u0259dbirl\u0259rin daha s\u0259m\u0259r\u0259li ke\u00e7m\u0259sin\u0259 \u0259m\u0259li f\u0259aliyy\u0259tl\u0259ri il\u0259 yard\u0131m ed\u0259n professor V.Novruzov, professor \u015eaiq M\u0259mm\u0259dov, dosent \u0130.Alverdiyev, dosent Heyd\u0259r K\u0259rimov, dos. \u0130.Cabbarov, ba\u015f m\u00fc\u0259llim T.Cabbarova v\u0259 ba\u015fqalar\u0131na t\u0259\u015f\u0259kk\u00fcr\u00fcm\u00fc bildirir\u0259m v\u0259 dig\u0259r m\u00fc\u0259lliml\u0259rimizi d\u0259 s\u0259m\u0259r\u0259li \u0259m\u0259kda\u015fl\u0131\u011fa d\u0259v\u0259t edir\u0259m.<br \/>\nSonda TEC-in bundan sonrak\u0131 f\u0259aliyy\u0259tini daha y\u00fcks\u0259k s\u0259viyy\u0259d\u0259 t\u0259\u015fkil etm\u0259k \u00fc\u00e7\u00fcn universitet r\u0259hb\u0259rliyind\u0259n v\u0259 dekanl\u0131qlardan a\u015fa\u011f\u0131dak\u0131 t\u0259klifl\u0259rimiz\u0259 h\u00f6rm\u0259tl\u0259 yana\u015fmalar\u0131n\u0131 xahi\u015f edirik:<br \/>\n1. TEC laz\u0131mi avadanl\u0131qla t\u0259chiz edilmi\u015f q\u0259rargahla t\u0259min olmal\u0131d\u0131r.<br \/>\n2. Fak\u00fclt\u0259 v\u0259 kafedra r\u0259hb\u0259rl\u0259ri fak\u00fclt\u0259 v\u0259 universitet TEC-l\u0259ri il\u0259 daha s\u0131x i\u015f birliyin\u0259 daxil olmal\u0131d\u0131r.<br \/>\n3. TEC nizamnam\u0259sind\u0259 \u0259ks olunan onun bir s\u0131ra t\u0259\u015f\u0259bb\u00fcskarl\u0131\u011f\u0131 tan\u0131nmal\u0131d\u0131r.<\/p>\n<p>Fak\u00fclt\u0259miz \u00dcmum Milli lider Heyd\u0259r \u0259liyevin 93-c\u00fc il d\u00f6n\u00fcm\u00fcn\u0259 h\u0259sr edilmi\u015f &#8220;Kimya v\u0259 Biologiyan\u0131n m\u00fcasir probleml\u0259ri&#8221; adl\u0131 Beyn\u0259lxalq konfransa ev sahibliyi ed\u0259c\u0259kdir. Konfransda T\u00fcrkiy\u0259d\u0259n, Rusiyadan, Ukraynadan, G\u00fcrc\u00fcstandan aliml\u0259r i\u015ftirak ed\u0259c\u0259kdir. T\u0259l\u0259b\u0259 v\u0259 magistrl\u0259rin bu konfransda i\u015ftirak\u0131 vacibdir.<br \/>\n2016-c\u0131 ild\u0259 G\u0259nc\u0259 \u015f\u0259h\u0259ri &#8220;Avropa paytaxt\u0131&#8221; se\u00e7ilmi\u015fdir. T\u0259l\u0259b\u0259l\u0259rimiz bu layih\u0259d\u0259 il\u0259 ba\u011fl\u0131 t\u0259dbirl\u0259rd\u0259 i\u015ftirak\u0131n\u0131 t\u0259min etm\u0259k.<\/p>\n","protected":false},"excerpt":{"rendered":"<p>G\u0259nc\u0259 D\u00f6vl\u0259t Universitetinin Biologiya-kimya fak\u00fclt\u0259sinin TEC-nin STRUKTURU Universitetl\u0259rin h\u0259yat\u0131nda t\u0259l\u0259b\u0259l\u0259rin elm\u0259, t\u0259hsil\u0259 k\u00f6kl\u0259nm\u0259sind\u0259 TEC m\u00fcst\u0259sna \u0259h\u0259miyy\u0259t\u0259 malik olan bir strukturdur. \u00c7\u00fcnki, t\u0259l\u0259b\u0259l\u0259rin elmi istiqam\u0259t se\u00e7m\u0259l\u0259rind\u0259 TEC-l\u0259r i\u015fin \u0259sas hiss\u0259sini g\u00f6r\u00fcr. Bu n\u00f6qteyi-n\u0259z\u0259rd\u0259n GDU-nun bir s\u0131ra ciddi layih\u0259l\u0259rin realla\u015fmas\u0131n\u0131 h\u0259yata ke\u00e7irmi\u015fdir. Bel\u0259 t\u0259dbirl\u0259rd\u0259n biri ke\u00e7\u0259n ilin ilk g\u00fcnl\u0259rind\u0259 ke\u00e7iril\u0259n Milli H\u0259mr\u0259ylik g\u00fcn\u00fcn\u0259 h\u0259sr edilmi\u015f t\u0259l\u0259b\u0259 v\u0259 [&hellip;]<\/p>\n","protected":false},"author":3,"featured_media":785,"parent":0,"menu_order":0,"comment_status":"closed","ping_status":"closed","template":"","meta":{"footnotes":""},"categories":[10],"tags":[],"_links":{"self":[{"href":"https:\/\/bkf.gdu.edu.az\/index.php?rest_route=\/wp\/v2\/pages\/778"}],"collection":[{"href":"https:\/\/bkf.gdu.edu.az\/index.php?rest_route=\/wp\/v2\/pages"}],"about":[{"href":"https:\/\/bkf.gdu.edu.az\/index.php?rest_route=\/wp\/v2\/types\/page"}],"author":[{"embeddable":true,"href":"https:\/\/bkf.gdu.edu.az\/index.php?rest_route=\/wp\/v2\/users\/3"}],"replies":[{"embeddable":true,"href":"https:\/\/bkf.gdu.edu.az\/index.php?rest_route=%2Fwp%2Fv2%2Fcomments&post=778"}],"version-history":[{"count":3,"href":"https:\/\/bkf.gdu.edu.az\/index.php?rest_route=\/wp\/v2\/pages\/778\/revisions"}],"predecessor-version":[{"id":788,"href":"https:\/\/bkf.gdu.edu.az\/index.php?rest_route=\/wp\/v2\/pages\/778\/revisions\/788"}],"wp:featuredmedia":[{"embeddable":true,"href":"https:\/\/bkf.gdu.edu.az\/index.php?rest_route=\/wp\/v2\/media\/785"}],"wp:attachment":[{"href":"https:\/\/bkf.gdu.edu.az\/index.php?rest_route=%2Fwp%2Fv2%2Fmedia&parent=778"}],"wp:term":[{"taxonomy":"category","embeddable":true,"href":"https:\/\/bkf.gdu.edu.az\/index.php?rest_route=%2Fwp%2Fv2%2Fcategories&post=778"},{"taxonomy":"post_tag","embeddable":true,"href":"https:\/\/bkf.gdu.edu.az\/index.php?rest_route=%2Fwp%2Fv2%2Ftags&post=778"}],"curies":[{"name":"wp","href":"https:\/\/api.w.org\/{rel}","templated":true}]}}